{"id":13846,"date":"2026-09-03T14:19:13","date_gmt":"2026-09-03T14:19:13","guid":{"rendered":"https:\/\/cartellera.focus.cat\/ex\/un-lloc-comu\/"},"modified":"2026-09-03T14:19:13","modified_gmt":"2026-09-03T14:19:13","slug":"un-lloc-comu","status":"publish","type":"ex","link":"https:\/\/cartellera.focus.cat\/ca\/ex\/un-lloc-comu\/","title":{"rendered":"Un lloc com\u00fa"},"content":{"rendered":"","protected":false},"excerpt":{"rendered":"","protected":false},"author":2,"featured_media":0,"comment_status":"closed","ping_status":"open","template":"","class_list":["post-13846","ex","type-ex","status-publish","hentry"],"acf":{"txt_synopsis":"<p class=\"ql-align-justify\" align=\"justify\"><strong>Qu\u00e8 som capa\u00e7os de sacrificar i justificar en nom de l&#39;\u00e8xit?<\/strong> <\/p><p class=\"ql-align-justify\" align=\"justify\">Un reconegut escriptor ha mort. I en el compliment de les seves \u00faltimes voluntats, es troben en un sopar previ al seu enterrament cinc dones que l&#39;han acompanyat al llarg de la seva vida. Juntes descobriran, que totes elles varen ser v\u00edctimes d&#39;un engany. Que elles varen gestar gran part de l&#39;\u00e8xit d&#39;aquell que un dia va ser el seu company. I ho varen fer amb el seu treball i amb el seu talent. Per\u00f2 aix\u00f2 mai va ser reconegut ni esmentat per ning\u00fa, al llarg de la vida. Ni molt menys pel seu propi company. Aquesta descoberta generar\u00e0 un canvi de mirada i un ampli debat entre elles, de com gestionar a partir d&#39;aquest moment, aquestes darreres voluntats. Tant les d&#39;aquell que ha mort, com les de les que continuaran vivint. <\/p><p class=\"ql-align-justify\" align=\"justify\">Una realitat que trastoca aquest \u00faltim adeu. El comiat d&#39;un \u00e9sser que ha estat estimat. Almenys fins aquell moment. <\/p><p><\/p>","main_buy_link":"https:\/\/tickets.oneboxtds.com\/lavillarroel\/events\/58959?hl=ca-ES","main_buy_links":"[\"https:\/\/tickets.oneboxtds.com\/lavillarroel\/events\/58959?hl=ca-ES \"]","group_buy_link":"","show_language":"Espectacle en catal\u00e0","show_duration":"90","show_start_date":"20270507000000","show_end_date":"20270606000000","show_sort_date":"20270507000000","txt_custom_show_dates":"","show_disciplines":"11","show_ultimes_funcions":false,"hide_tarifes_especials":false,"show_properament":false,"txt_additional_info":"<p>Recomanat a partir de <strong>14 anys<\/strong>    <\/p>","txt_present":"","show_season":false,"txt_season":"[\"2026\/27\"]","txt_cycle":"","txt_claim":"","txt_cast_excerpt":"","txt_cast":"<p>Autoria: <strong>Joan Yago<\/strong> <br>Direcci\u00f3:  <strong>Joan Arqu\u00e9<\/strong>  <\/p><p>  <\/p><p>Int\u00e8rprets: <strong>Rosa G\u00e0miz, Vict\u00f2ria Pag\u00e8s, Sandra Moncl\u00fas, Tamara Ndong, Laura Aubert<\/strong> <\/p><p>  <\/p><p>Escenografia:  <strong>Adri\u00e0 Pinar<\/strong> <br>Vestuari: <strong> N\u00eddia Tusal<\/strong> <br>Il\u00b7luminaci\u00f3: <strong>Toni Ubach<\/strong> <br>Espai sonor: <strong>Erol Ileri, Marc J\u00f3dar<\/strong> <\/p><p> <\/p><p>  <\/p><p>Direcci\u00f3 de producci\u00f3:  <strong>\u00d2scar Balcells<\/strong> <br>Producci\u00f3 executiva:  <strong>Judit Codina<\/strong> <br>Direcci\u00f3 t\u00e8cnica: <strong>Jordi Dom\u00e8nec<\/strong> <\/p><p>  <\/p><p> Ajudant de direcci\u00f3: <strong>Anna Castells<\/strong> <br>Ajudant de producci\u00f3: <strong>Pol Gil, Llu\u00eds Segura<\/strong> <br>Cap t\u00e8cnic del teatre: <strong>Andr\u00e9s Piza<\/strong>  <\/p><p>  <\/p><p>M\u00e0rqueting i comunicaci\u00f3 i disseny gr\u00e0fic: <strong>La Villarroel<\/strong> <br>Administraci\u00f3: <strong>M\u00f2nica Card\u00fas<\/strong>  <\/p><p>   <\/p><p> <\/p><p>Amb el suport de: <strong>Institut Catal\u00e0 de les Empreses Culturals<\/strong>  <\/p><p> <\/p><p>  <\/p><p>Distribuci\u00f3: <strong>Marta Riera<\/strong> (marta@teatreaurora.cat)  <\/p><p> <\/p><p>  <\/p><p>\u00c9s una coproducci\u00f3 del <strong>Teatre de l&#39;Aurora i La Villarroel <\/strong> <\/p>","txt_reviews":"","hashtag":"UnLlocCom\u00fa","have_promo":"","slogan":"","id_exhibicio":2423,"id_versio":1888,"id_local":4,"txt_seo_desc":"Un lloc com\u00fa a La Villarroel de Barcelona","data_images":"[{\"localizer\":\"V4CARTELL\",\"url\":\"media\/ver\/cartell\/v4\/2026\/09\/4193be4a-e5eb-4abb-b14c-feae42504d8b.jpg\",\"thumb_url\":\"media\/ver\/cartell\/v4\/2026\/09\/c457358b-bea9-4082-9127-5cb32b25e8c4.jpg\",\"title\":\"Un lloc com\u00fa a La Villarroel de Barcelona\",\"description\":\"<p>Un&nbsp;lloc&nbsp;com\u00fa&nbsp;a&nbsp;La&nbsp;Villarroel&nbsp;de&nbsp;Barcelona<\/p>\",\"copyright\":\"\",\"order\":0},{\"localizer\":\"V4PORTADA\",\"url\":\"media\/ver\/port\/v4\/2026\/09\/be01d012-c935-45b0-8e7e-b79e042ef191.jpg\",\"thumb_url\":\"media\/ver\/port\/v4\/2026\/09\/8d348b80-b523-4f11-b860-0c3c432324f5.jpg\",\"title\":\"Un lloc com\u00fa a La Villarroel de Barcelona\",\"description\":\"<p>Un&nbsp;lloc&nbsp;com\u00fa&nbsp;a&nbsp;La&nbsp;Villarroel&nbsp;de&nbsp;Barcelona<\/p>\",\"copyright\":\"\",\"order\":0},{\"localizer\":\"V4PORTADAWIDE\",\"url\":\"media\/ver\/port\/wide\/v4\/2026\/09\/d4a770ea-06be-4ed4-901c-c141f7953d41.jpg\",\"thumb_url\":\"media\/ver\/port\/wide\/v4\/2026\/09\/1d3f9981-c9af-4a03-9bb3-e7716be859ad.jpg\",\"title\":\"Un lloc com\u00fa a La Villarroel de Barcelona\",\"description\":\"<p>Un&nbsp;lloc&nbsp;com\u00fa&nbsp;a&nbsp;La&nbsp;Villarroel&nbsp;de&nbsp;Barcelona<\/p>\",\"copyright\":\"\",\"order\":0},{\"localizer\":\"V4PORTADAWIDEMOBILE\",\"url\":\"media\/ver\/port\/wide\/mobile\/v4\/2026\/09\/5bf188ea-e79d-4ce4-8002-75c68990191a.jpg\",\"thumb_url\":\"media\/ver\/port\/wide\/mobile\/v4\/2026\/09\/c2647c90-e1a4-4cb7-8953-22f2dfaa47cf.jpg\",\"title\":\"Un lloc com\u00fa a La Villarroel de Barcelona\",\"description\":\"<p>Un&nbsp;lloc&nbsp;com\u00fa&nbsp;a&nbsp;La&nbsp;Villarroel&nbsp;de&nbsp;Barcelona<\/p>\",\"copyright\":\"\",\"order\":0}]","material__texto_intro":"","data_material":null,"data_gallery":"","data_discounts":"[]","contract_is_open":false,"in_tour":false},"yoast_head":"<!-- This site is optimized with the Yoast SEO plugin v28.4 - https:\/\/yoast.com\/product\/yoast-seo-wordpress\/ -->\n<title>Un lloc com\u00fa - Cartellera Focus<\/title>\n<meta name=\"robots\" content=\"index, follow, max-snippet:-1, max-image-preview:large, max-video-preview:-1\" \/>\n<link rel=\"canonical\" href=\"https:\/\/cartellera.focus.cat\/ca\/ex\/un-lloc-comu\/\" \/>\n<meta property=\"og:locale\" content=\"ca_ES\" \/>\n<meta property=\"og:type\" content=\"article\" \/>\n<meta property=\"og:title\" content=\"Un lloc com\u00fa - Cartellera Focus\" \/>\n<meta property=\"og:url\" content=\"https:\/\/cartellera.focus.cat\/ca\/ex\/un-lloc-comu\/\" \/>\n<meta property=\"og:site_name\" content=\"Cartellera Focus\" \/>\n<meta name=\"twitter:card\" content=\"summary_large_image\" \/>\n<script type=\"application\/ld+json\" class=\"yoast-schema-graph\">{\"@context\":\"https:\\\/\\\/schema.org\",\"@graph\":[{\"@type\":\"WebPage\",\"@id\":\"https:\\\/\\\/cartellera.focus.cat\\\/ca\\\/ex\\\/un-lloc-comu\\\/\",\"url\":\"https:\\\/\\\/cartellera.focus.cat\\\/ca\\\/ex\\\/un-lloc-comu\\\/\",\"name\":\"Un lloc com\u00fa - Cartellera Focus\",\"isPartOf\":{\"@id\":\"https:\\\/\\\/cartellera.focus.cat\\\/ca\\\/#website\"},\"datePublished\":\"2026-09-03T14:19:13+00:00\",\"breadcrumb\":{\"@id\":\"https:\\\/\\\/cartellera.focus.cat\\\/ca\\\/ex\\\/un-lloc-comu\\\/#breadcrumb\"},\"inLanguage\":\"ca\",\"potentialAction\":[{\"@type\":\"ReadAction\",\"target\":[\"https:\\\/\\\/cartellera.focus.cat\\\/ca\\\/ex\\\/un-lloc-comu\\\/\"]}]},{\"@type\":\"BreadcrumbList\",\"@id\":\"https:\\\/\\\/cartellera.focus.cat\\\/ca\\\/ex\\\/un-lloc-comu\\\/#breadcrumb\",\"itemListElement\":[{\"@type\":\"ListItem\",\"position\":1,\"name\":\"Home\",\"item\":\"https:\\\/\\\/cartellera.focus.cat\\\/ca\\\/\"},{\"@type\":\"ListItem\",\"position\":2,\"name\":\"Espectacles\",\"item\":\"https:\\\/\\\/cartellera.focus.cat\\\/ca\\\/ex\\\/\"},{\"@type\":\"ListItem\",\"position\":3,\"name\":\"Un lloc com\u00fa\"}]},{\"@type\":\"WebSite\",\"@id\":\"https:\\\/\\\/cartellera.focus.cat\\\/ca\\\/#website\",\"url\":\"https:\\\/\\\/cartellera.focus.cat\\\/ca\\\/\",\"name\":\"Cartellera Focus\",\"description\":\"Troba el teu espectacle als teatres de Focus\",\"publisher\":{\"@id\":\"https:\\\/\\\/cartellera.focus.cat\\\/ca\\\/#organization\"},\"potentialAction\":[{\"@type\":\"SearchAction\",\"target\":{\"@type\":\"EntryPoint\",\"urlTemplate\":\"https:\\\/\\\/cartellera.focus.cat\\\/ca\\\/?s={search_term_string}\"},\"query-input\":{\"@type\":\"PropertyValueSpecification\",\"valueRequired\":true,\"valueName\":\"search_term_string\"}}],\"inLanguage\":\"ca\"},{\"@type\":\"Organization\",\"@id\":\"https:\\\/\\\/cartellera.focus.cat\\\/ca\\\/#organization\",\"name\":\"Cartellera Focus\",\"url\":\"https:\\\/\\\/cartellera.focus.cat\\\/ca\\\/\",\"logo\":{\"@type\":\"ImageObject\",\"inLanguage\":\"ca\",\"@id\":\"https:\\\/\\\/cartellera.focus.cat\\\/ca\\\/#\\\/schema\\\/logo\\\/image\\\/\",\"url\":\"https:\\\/\\\/cartellera.focus.cat\\\/wp-content\\\/uploads\\\/sites\\\/6\\\/2023\\\/01\\\/logo-focus.svg\",\"contentUrl\":\"https:\\\/\\\/cartellera.focus.cat\\\/wp-content\\\/uploads\\\/sites\\\/6\\\/2023\\\/01\\\/logo-focus.svg\",\"width\":1,\"height\":1,\"caption\":\"Cartellera Focus\"},\"image\":{\"@id\":\"https:\\\/\\\/cartellera.focus.cat\\\/ca\\\/#\\\/schema\\\/logo\\\/image\\\/\"},\"sameAs\":[\"https:\\\/\\\/www.instagram.com\\\/grupfocus_\",\"https:\\\/\\\/www.youtube.com\\\/channel\\\/UCHo1UBGWueryu2P-vn8CRXw\",\"https:\\\/\\\/www.linkedin.com\\\/company\\\/grup-focus\\\/\"]}]}<\/script>\n<!-- \/ Yoast SEO plugin. -->","yoast_head_json":{"title":"Un lloc com\u00fa - Cartellera Focus","robots":{"index":"index","follow":"follow","max-snippet":"max-snippet:-1","max-image-preview":"max-image-preview:large","max-video-preview":"max-video-preview:-1"},"canonical":"https:\/\/cartellera.focus.cat\/ca\/ex\/un-lloc-comu\/","og_locale":"ca_ES","og_type":"article","og_title":"Un lloc com\u00fa - Cartellera Focus","og_url":"https:\/\/cartellera.focus.cat\/ca\/ex\/un-lloc-comu\/","og_site_name":"Cartellera Focus","twitter_card":"summary_large_image","schema":{"@context":"https:\/\/schema.org","@graph":[{"@type":"WebPage","@id":"https:\/\/cartellera.focus.cat\/ca\/ex\/un-lloc-comu\/","url":"https:\/\/cartellera.focus.cat\/ca\/ex\/un-lloc-comu\/","name":"Un lloc com\u00fa - Cartellera Focus","isPartOf":{"@id":"https:\/\/cartellera.focus.cat\/ca\/#website"},"datePublished":"2026-09-03T14:19:13+00:00","breadcrumb":{"@id":"https:\/\/cartellera.focus.cat\/ca\/ex\/un-lloc-comu\/#breadcrumb"},"inLanguage":"ca","potentialAction":[{"@type":"ReadAction","target":["https:\/\/cartellera.focus.cat\/ca\/ex\/un-lloc-comu\/"]}]},{"@type":"BreadcrumbList","@id":"https:\/\/cartellera.focus.cat\/ca\/ex\/un-lloc-comu\/#breadcrumb","itemListElement":[{"@type":"ListItem","position":1,"name":"Home","item":"https:\/\/cartellera.focus.cat\/ca\/"},{"@type":"ListItem","position":2,"name":"Espectacles","item":"https:\/\/cartellera.focus.cat\/ca\/ex\/"},{"@type":"ListItem","position":3,"name":"Un lloc com\u00fa"}]},{"@type":"WebSite","@id":"https:\/\/cartellera.focus.cat\/ca\/#website","url":"https:\/\/cartellera.focus.cat\/ca\/","name":"Cartellera Focus","description":"Troba el teu espectacle als teatres de Focus","publisher":{"@id":"https:\/\/cartellera.focus.cat\/ca\/#organization"},"potentialAction":[{"@type":"SearchAction","target":{"@type":"EntryPoint","urlTemplate":"https:\/\/cartellera.focus.cat\/ca\/?s={search_term_string}"},"query-input":{"@type":"PropertyValueSpecification","valueRequired":true,"valueName":"search_term_string"}}],"inLanguage":"ca"},{"@type":"Organization","@id":"https:\/\/cartellera.focus.cat\/ca\/#organization","name":"Cartellera Focus","url":"https:\/\/cartellera.focus.cat\/ca\/","logo":{"@type":"ImageObject","inLanguage":"ca","@id":"https:\/\/cartellera.focus.cat\/ca\/#\/schema\/logo\/image\/","url":"https:\/\/cartellera.focus.cat\/wp-content\/uploads\/sites\/6\/2023\/01\/logo-focus.svg","contentUrl":"https:\/\/cartellera.focus.cat\/wp-content\/uploads\/sites\/6\/2023\/01\/logo-focus.svg","width":1,"height":1,"caption":"Cartellera Focus"},"image":{"@id":"https:\/\/cartellera.focus.cat\/ca\/#\/schema\/logo\/image\/"},"sameAs":["https:\/\/www.instagram.com\/grupfocus_","https:\/\/www.youtube.com\/channel\/UCHo1UBGWueryu2P-vn8CRXw","https:\/\/www.linkedin.com\/company\/grup-focus\/"]}]}},"translations":[{"id":13846,"locale":"ca"},{"id":13857,"locale":"es"}],"_links":{"self":[{"href":"https:\/\/cartellera.focus.cat\/ca\/wp-json\/wp\/v2\/ex\/13846","targetHints":{"allow":["GET"]}}],"collection":[{"href":"https:\/\/cartellera.focus.cat\/ca\/wp-json\/wp\/v2\/ex"}],"about":[{"href":"https:\/\/cartellera.focus.cat\/ca\/wp-json\/wp\/v2\/types\/ex"}],"author":[{"embeddable":true,"href":"https:\/\/cartellera.focus.cat\/ca\/wp-json\/wp\/v2\/users\/2"}],"replies":[{"embeddable":true,"href":"https:\/\/cartellera.focus.cat\/ca\/wp-json\/wp\/v2\/comments?post=13846"}],"wp:attachment":[{"href":"https:\/\/cartellera.focus.cat\/ca\/wp-json\/wp\/v2\/media?parent=13846"}],"curies":[{"name":"wp","href":"https:\/\/api.w.org\/{rel}","templated":true}]}}

Un lloc comú

<p class="ql-align-justify" align="justify"><strong>Què som capaços de sacrificar i justificar en nom de l&#39;èxit?</strong> </p><p class="ql-align-justify" align="justify">Un reconegut escriptor ha mort. I en el compliment de les seves últimes voluntats, es troben en un sopar previ al seu enterrament cinc dones que l&#39;han acompanyat al llarg de la seva vida. Juntes descobriran, que totes elles varen ser víctimes d&#39;un engany. Que elles varen gestar gran part de l&#39;èxit d&#39;aquell que un dia va ser el seu company. I ho varen fer amb el seu treball i amb el seu talent. Però això mai va ser reconegut ni esmentat per ningú, al llarg de la vida. Ni molt menys pel seu propi company. Aquesta descoberta generarà un canvi de mirada i un ampli debat entre elles, de com gestionar a partir d&#39;aquest moment, aquestes darreres voluntats. Tant les d&#39;aquell que ha mort, com les de les que continuaran vivint. </p><p class="ql-align-justify" align="justify">Una realitat que trastoca aquest últim adeu. El comiat d&#39;un ésser que ha estat estimat. Almenys fins aquell moment. </p><p></p>

Espectacle en català

<p>Autoria: <strong>Joan Yago</strong> <br>Direcció:  <strong>Joan Arqué</strong>  </p><p>  </p><p>Intèrprets: <strong>Rosa Gàmiz, Victòria Pagès, Sandra Monclús, Tamara Ndong, Laura Aubert</strong> </p><p>  </p><p>Escenografia:  <strong>Adrià Pinar</strong> <br>Vestuari: <strong> Nídia Tusal</strong> <br>Il·luminació: <strong>Toni Ubach</strong> <br>Espai sonor: <strong>Erol Ileri, Marc Jódar</strong> </p><p> </p><p>  </p><p>Direcció de producció:  <strong>Òscar Balcells</strong> <br>Producció executiva:  <strong>Judit Codina</strong> <br>Direcció tècnica: <strong>Jordi Domènec</strong> </p><p>  </p><p> Ajudant de direcció: <strong>Anna Castells</strong> <br>Ajudant de producció: <strong>Pol Gil, Lluís Segura</strong> <br>Cap tècnic del teatre: <strong>Andrés Piza</strong>  </p><p>  </p><p>Màrqueting i comunicació i disseny gràfic: <strong>La Villarroel</strong> <br>Administració: <strong>Mònica Cardús</strong>  </p><p>   </p><p> </p><p>Amb el suport de: <strong>Institut Català de les Empreses Culturals</strong>  </p><p> </p><p>  </p><p>Distribució: <strong>Marta Riera</strong> (marta@teatreaurora.cat)  </p><p> </p><p>  </p><p>És una coproducció del <strong>Teatre de l&#39;Aurora i La Villarroel </strong> </p>

UnLlocComú

Un lloc comú a La Villarroel de Barcelona

[{"localizer":"V4CARTELL","url":"media/ver/cartell/v4/2026/09/4193be4a-e5eb-4abb-b14c-feae42504d8b.jpg","thumb_url":"media/ver/cartell/v4/2026/09/c457358b-bea9-4082-9127-5cb32b25e8c4.jpg","title":"Un lloc comú a La Villarroel de Barcelona","description":"<p>Un&nbsp;lloc&nbsp;comú&nbsp;a&nbsp;La&nbsp;Villarroel&nbsp;de&nbsp;Barcelona</p>","copyright":"","order":0},{"localizer":"V4PORTADA","url":"media/ver/port/v4/2026/09/be01d012-c935-45b0-8e7e-b79e042ef191.jpg","thumb_url":"media/ver/port/v4/2026/09/8d348b80-b523-4f11-b860-0c3c432324f5.jpg","title":"Un lloc comú a La Villarroel de Barcelona","description":"<p>Un&nbsp;lloc&nbsp;comú&nbsp;a&nbsp;La&nbsp;Villarroel&nbsp;de&nbsp;Barcelona</p>","copyright":"","order":0},{"localizer":"V4PORTADAWIDE","url":"media/ver/port/wide/v4/2026/09/d4a770ea-06be-4ed4-901c-c141f7953d41.jpg","thumb_url":"media/ver/port/wide/v4/2026/09/1d3f9981-c9af-4a03-9bb3-e7716be859ad.jpg","title":"Un lloc comú a La Villarroel de Barcelona","description":"<p>Un&nbsp;lloc&nbsp;comú&nbsp;a&nbsp;La&nbsp;Villarroel&nbsp;de&nbsp;Barcelona</p>","copyright":"","order":0},{"localizer":"V4PORTADAWIDEMOBILE","url":"media/ver/port/wide/mobile/v4/2026/09/5bf188ea-e79d-4ce4-8002-75c68990191a.jpg","thumb_url":"media/ver/port/wide/mobile/v4/2026/09/c2647c90-e1a4-4cb7-8953-22f2dfaa47cf.jpg","title":"Un lloc comú a La Villarroel de Barcelona","description":"<p>Un&nbsp;lloc&nbsp;comú&nbsp;a&nbsp;La&nbsp;Villarroel&nbsp;de&nbsp;Barcelona</p>","copyright":"","order":0}]

<!-- This site is optimized with the Yoast SEO plugin v28.4 - https://yoast.com/product/yoast-seo-wordpress/ -->
<title>Un lloc comú - Cartellera Focus</title>
<meta name="robots" content="index, follow, max-snippet:-1, max-image-preview:large, max-video-preview:-1" />
<link rel="canonical" href="https://cartellera.focus.cat/ca/ex/un-lloc-comu/" />
<meta property="og:locale" content="ca_ES" />
<meta property="og:type" content="article" />
<meta property="og:title" content="Un lloc comú - Cartellera Focus" />
<meta property="og:url" content="https://cartellera.focus.cat/ca/ex/un-lloc-comu/" />
<meta property="og:site_name" content="Cartellera Focus" />
<meta name="twitter:card" content="summary_large_image" />
<script type="application/ld+json" class="yoast-schema-graph">{"@context":"https:\/\/schema.org","@graph":[{"@type":"WebPage","@id":"https:\/\/cartellera.focus.cat\/ca\/ex\/un-lloc-comu\/","url":"https:\/\/cartellera.focus.cat\/ca\/ex\/un-lloc-comu\/","name":"Un lloc comú - Cartellera Focus","isPartOf":{"@id":"https:\/\/cartellera.focus.cat\/ca\/#website"},"datePublished":"2026-09-03T14:19:13+00:00","breadcrumb":{"@id":"https:\/\/cartellera.focus.cat\/ca\/ex\/un-lloc-comu\/#breadcrumb"},"inLanguage":"ca","potentialAction":[{"@type":"ReadAction","target":["https:\/\/cartellera.focus.cat\/ca\/ex\/un-lloc-comu\/"]}]},{"@type":"BreadcrumbList","@id":"https:\/\/cartellera.focus.cat\/ca\/ex\/un-lloc-comu\/#breadcrumb","itemListElement":[{"@type":"ListItem","position":1,"name":"Home","item":"https:\/\/cartellera.focus.cat\/ca\/"},{"@type":"ListItem","position":2,"name":"Espectacles","item":"https:\/\/cartellera.focus.cat\/ca\/ex\/"},{"@type":"ListItem","position":3,"name":"Un lloc comú"}]},{"@type":"WebSite","@id":"https:\/\/cartellera.focus.cat\/ca\/#website","url":"https:\/\/cartellera.focus.cat\/ca\/","name":"Cartellera Focus","description":"Troba el teu espectacle als teatres de Focus","publisher":{"@id":"https:\/\/cartellera.focus.cat\/ca\/#organization"},"potentialAction":[{"@type":"SearchAction","target":{"@type":"EntryPoint","urlTemplate":"https:\/\/cartellera.focus.cat\/ca\/?s={search_term_string}"},"query-input":{"@type":"PropertyValueSpecification","valueRequired":true,"valueName":"search_term_string"}}],"inLanguage":"ca"},{"@type":"Organization","@id":"https:\/\/cartellera.focus.cat\/ca\/#organization","name":"Cartellera Focus","url":"https:\/\/cartellera.focus.cat\/ca\/","logo":{"@type":"ImageObject","inLanguage":"ca","@id":"https:\/\/cartellera.focus.cat\/ca\/#\/schema\/logo\/image\/","url":"https:\/\/cartellera.focus.cat\/wp-content\/uploads\/sites\/6\/2023\/01\/logo-focus.svg","contentUrl":"https:\/\/cartellera.focus.cat\/wp-content\/uploads\/sites\/6\/2023\/01\/logo-focus.svg","width":1,"height":1,"caption":"Cartellera Focus"},"image":{"@id":"https:\/\/cartellera.focus.cat\/ca\/#\/schema\/logo\/image\/"},"sameAs":["https:\/\/www.instagram.com\/grupfocus_","https:\/\/www.youtube.com\/channel\/UCHo1UBGWueryu2P-vn8CRXw","https:\/\/www.linkedin.com\/company\/grup-focus\/"]}]}</script>
<!-- / Yoast SEO plugin. -->

Un lloc comú - Cartellera Focus
