{"id":13851,"date":"2026-09-03T14:25:20","date_gmt":"2026-09-03T14:25:20","guid":{"rendered":"https:\/\/cartellera.focus.cat\/ex\/una-canco-llunyana\/"},"modified":"2026-09-03T14:25:20","modified_gmt":"2026-09-03T14:25:20","slug":"una-canco-llunyana","status":"publish","type":"ex","link":"https:\/\/cartellera.focus.cat\/ca\/ex\/una-canco-llunyana\/","title":{"rendered":"Una can\u00e7\u00f3 llunyana"},"content":{"rendered":"","protected":false},"excerpt":{"rendered":"","protected":false},"author":2,"featured_media":0,"comment_status":"closed","ping_status":"open","template":"","class_list":["post-13851","ex","type-ex","status-publish","hentry"],"acf":{"txt_synopsis":"<p>Un mat\u00ed d&#39;hivern, en Willem, un jove banquer establert a Nova York, rep una trucada inesperada. Aquesta not\u00edcia el for\u00e7a a tornar a Amsterdam, la ciutat que va deixar enrere fa anys. Incapa\u00e7 de trobar el seu lloc en aquell retorn inc\u00f2mode, Willem comen\u00e7a a escriure una s\u00e8rie de cartes. <br> <br>A trav\u00e9s d&#39;aquestes, reflexiona sobre la seva relaci\u00f3 amb la fam\u00edlia, l&#39;amor que no va saber retenir i la identitat que ha anat perdent pel cam\u00ed. Amb el pas dels dies, l&#39;escriptura passa a ser l&#39;\u00fanica manera de posar paraules al que sent, d&#39;intentar entendre qu\u00e8 ha perdut i qu\u00e8 queda encara viu dins seu. <br> <br><em>Una can\u00e7\u00f3 llunyana<\/em> \u00e9s una obra que fa emergir, amb una mirada honesta i despullada, la humanitat, la quotidianitat i la cruesa que habiten circumst\u00e0ncies com un retorn. Una pe\u00e7a \u00edntima i precisa, que parla del que queda quan el so es converteix en silenci. <\/p>","main_buy_link":"https:\/\/tickets.oneboxtds.com\/lavillarroel\/events\/58929?hl=ca-ES","main_buy_links":"[\"https:\/\/tickets.oneboxtds.com\/lavillarroel\/events\/58929?hl=ca-ES\"]","group_buy_link":"","show_language":"Espectacle en catal\u00e0","show_duration":"75","show_start_date":"20270301000000","show_end_date":"20270322000000","show_sort_date":"20270301000000","txt_custom_show_dates":"","show_disciplines":"11","show_ultimes_funcions":false,"hide_tarifes_especials":false,"show_properament":false,"txt_additional_info":"<p>Recomanat a partir de <strong>14 anys<\/strong>  <\/p>","txt_present":"","show_season":false,"txt_season":"[\"2026\/27\"]","txt_cycle":"Off La Villarroel","txt_claim":"","txt_cast_excerpt":"","txt_cast":"<p> <\/p><p>Autoria: <em>Simon Stephens<\/em> i <em>Mark Eitzel<\/em> <br>Adaptaci\u00f3:  <strong>Daniel Angl\u00e8s<\/strong> <br>\u00a0Direcci\u00f3: <strong>Oscar Fabr\u00e9s <\/strong> <\/p><p>  <\/p><p>Int\u00e8rprets: <strong>Eduardo Lloveras <\/strong> <\/p><p> <\/p><p>M\u00fasica original: <strong>Mark Eitzel<\/strong> <br>Composici\u00f3, adaptaci\u00f3 i piano: <strong>Joel Riu<\/strong> <\/p><p>  <\/p><p>Disseny d&#39;espai esc\u00e8nic: <strong>Oscar Fabr\u00e9s<\/strong> <br>Disseny d&#39;il\u00b7luminaci\u00f3:  <strong>Sergio Gracia<\/strong> <\/p><p>  <\/p><p>   <\/p><p>Producci\u00f3 executiva: <strong>Oscar Fabr\u00e9s i Eduardo Lloveras<\/strong> <\/p><p>  <\/p><p>Cap t\u00e8cnic del teatre:  <strong>Andr\u00e9s Piza<\/strong>  <\/p><p>   <\/p><p>M\u00e0rqueting i comunicaci\u00f3: <strong>La Villarroel<\/strong>  <\/p><p>   <\/p><p>  <\/p><p>  <\/p><p>Esponsor: <strong>Iaios  <\/strong> <\/p><p>  <\/p><p>Agra\u00efments: <strong>Jaume Vi\u00f1as, Casa Orlandai, Fundaci\u00f3 AISGE, Llotja Escola d&#39;Art i Disseny<\/strong> <\/p><p>  <\/p><p>  <\/p><p>\u00c9s una producci\u00f3 de <strong>Oscar Fabr\u00e9s i Eduardo Lloveras<\/strong> <\/p>","txt_reviews":"","hashtag":"UnaCan\u00e7oLlunyana","have_promo":"","slogan":"","id_exhibicio":2431,"id_versio":1893,"id_local":4,"txt_seo_desc":"Una can\u00e7\u00f3 llunyana a La Villarroel de Barcelona","data_images":"[{\"localizer\":\"V4CARTELL\",\"url\":\"media\/ver\/cartell\/v4\/2026\/09\/ce477b8f-7f2b-4aaa-b2f3-3e77febfd118.jpg\",\"thumb_url\":\"media\/ver\/cartell\/v4\/2026\/09\/9e5dc322-f15d-4e9f-bd0f-dd14d588f20e.jpg\",\"title\":\"Una can\u00e7\u00f3 llunyana a La Villarroel de Barcelona\",\"description\":\"<p>Una&nbsp;can\u00e7\u00f3&nbsp;llunyana&nbsp;a&nbsp;La&nbsp;Villarroel&nbsp;de&nbsp;Barcelona<\/p>\",\"copyright\":\"\",\"order\":0},{\"localizer\":\"V4PORTADA\",\"url\":\"media\/ver\/port\/v4\/2026\/09\/3d45d5e3-8dda-4090-a194-de8d64b2079f.jpg\",\"thumb_url\":\"media\/ver\/port\/v4\/2026\/09\/6fe307f3-4e45-4a61-b51d-c179ebe7fcc6.jpg\",\"title\":\"Una can\u00e7\u00f3 llunyana a La Villarroel de Barcelona\",\"description\":\"<p>Una&nbsp;can\u00e7\u00f3&nbsp;llunyana&nbsp;a&nbsp;La&nbsp;Villarroel&nbsp;de&nbsp;Barcelona<\/p>\",\"copyright\":\"\",\"order\":0},{\"localizer\":\"V4PORTADAWIDE\",\"url\":\"media\/ver\/port\/wide\/v4\/2026\/09\/1efe9d5e-b66e-41d5-b18c-872043ffa4f8.jpg\",\"thumb_url\":\"media\/ver\/port\/wide\/v4\/2026\/09\/9e24050b-6413-443f-8cd6-c7de9807d55e.jpg\",\"title\":\"Una can\u00e7\u00f3 llunyana a La Villarroel de Barcelona\",\"description\":\"<p>Una&nbsp;can\u00e7\u00f3&nbsp;llunyana&nbsp;a&nbsp;La&nbsp;Villarroel&nbsp;de&nbsp;Barcelona<\/p>\",\"copyright\":\"\",\"order\":0},{\"localizer\":\"V4PORTADAWIDEMOBILE\",\"url\":\"media\/ver\/port\/wide\/mobile\/v4\/2026\/09\/d2e12e91-0943-45e2-adfd-55fbd1ec78d4.jpg\",\"thumb_url\":\"media\/ver\/port\/wide\/mobile\/v4\/2026\/09\/1814a8a3-1547-429d-ade4-8461573c7130.jpg\",\"title\":\"Una can\u00e7\u00f3 llunyana a La Villarroel de Barcelona\",\"description\":\"<p>Una&nbsp;can\u00e7\u00f3&nbsp;llunyana&nbsp;a&nbsp;La&nbsp;Villarroel&nbsp;de&nbsp;Barcelona<\/p>\",\"copyright\":\"\",\"order\":0}]","material__texto_intro":"","data_material":null,"data_gallery":"","data_discounts":"[]","contract_is_open":false,"in_tour":false},"yoast_head":"<!-- This site is optimized with the Yoast SEO plugin v28.4 - https:\/\/yoast.com\/product\/yoast-seo-wordpress\/ -->\n<title>Una can\u00e7\u00f3 llunyana - Cartellera Focus<\/title>\n<meta name=\"robots\" content=\"index, follow, max-snippet:-1, max-image-preview:large, max-video-preview:-1\" \/>\n<link rel=\"canonical\" href=\"https:\/\/cartellera.focus.cat\/ca\/ex\/una-canco-llunyana\/\" \/>\n<meta property=\"og:locale\" content=\"ca_ES\" \/>\n<meta property=\"og:type\" content=\"article\" \/>\n<meta property=\"og:title\" content=\"Una can\u00e7\u00f3 llunyana - Cartellera Focus\" \/>\n<meta property=\"og:url\" content=\"https:\/\/cartellera.focus.cat\/ca\/ex\/una-canco-llunyana\/\" \/>\n<meta property=\"og:site_name\" content=\"Cartellera Focus\" \/>\n<meta name=\"twitter:card\" content=\"summary_large_image\" \/>\n<script type=\"application\/ld+json\" class=\"yoast-schema-graph\">{\"@context\":\"https:\\\/\\\/schema.org\",\"@graph\":[{\"@type\":\"WebPage\",\"@id\":\"https:\\\/\\\/cartellera.focus.cat\\\/ca\\\/ex\\\/una-canco-llunyana\\\/\",\"url\":\"https:\\\/\\\/cartellera.focus.cat\\\/ca\\\/ex\\\/una-canco-llunyana\\\/\",\"name\":\"Una can\u00e7\u00f3 llunyana - Cartellera Focus\",\"isPartOf\":{\"@id\":\"https:\\\/\\\/cartellera.focus.cat\\\/ca\\\/#website\"},\"datePublished\":\"2026-09-03T14:25:20+00:00\",\"breadcrumb\":{\"@id\":\"https:\\\/\\\/cartellera.focus.cat\\\/ca\\\/ex\\\/una-canco-llunyana\\\/#breadcrumb\"},\"inLanguage\":\"ca\",\"potentialAction\":[{\"@type\":\"ReadAction\",\"target\":[\"https:\\\/\\\/cartellera.focus.cat\\\/ca\\\/ex\\\/una-canco-llunyana\\\/\"]}]},{\"@type\":\"BreadcrumbList\",\"@id\":\"https:\\\/\\\/cartellera.focus.cat\\\/ca\\\/ex\\\/una-canco-llunyana\\\/#breadcrumb\",\"itemListElement\":[{\"@type\":\"ListItem\",\"position\":1,\"name\":\"Home\",\"item\":\"https:\\\/\\\/cartellera.focus.cat\\\/ca\\\/\"},{\"@type\":\"ListItem\",\"position\":2,\"name\":\"Espectacles\",\"item\":\"https:\\\/\\\/cartellera.focus.cat\\\/ca\\\/ex\\\/\"},{\"@type\":\"ListItem\",\"position\":3,\"name\":\"Una can\u00e7\u00f3 llunyana\"}]},{\"@type\":\"WebSite\",\"@id\":\"https:\\\/\\\/cartellera.focus.cat\\\/ca\\\/#website\",\"url\":\"https:\\\/\\\/cartellera.focus.cat\\\/ca\\\/\",\"name\":\"Cartellera Focus\",\"description\":\"Troba el teu espectacle als teatres de Focus\",\"publisher\":{\"@id\":\"https:\\\/\\\/cartellera.focus.cat\\\/ca\\\/#organization\"},\"potentialAction\":[{\"@type\":\"SearchAction\",\"target\":{\"@type\":\"EntryPoint\",\"urlTemplate\":\"https:\\\/\\\/cartellera.focus.cat\\\/ca\\\/?s={search_term_string}\"},\"query-input\":{\"@type\":\"PropertyValueSpecification\",\"valueRequired\":true,\"valueName\":\"search_term_string\"}}],\"inLanguage\":\"ca\"},{\"@type\":\"Organization\",\"@id\":\"https:\\\/\\\/cartellera.focus.cat\\\/ca\\\/#organization\",\"name\":\"Cartellera Focus\",\"url\":\"https:\\\/\\\/cartellera.focus.cat\\\/ca\\\/\",\"logo\":{\"@type\":\"ImageObject\",\"inLanguage\":\"ca\",\"@id\":\"https:\\\/\\\/cartellera.focus.cat\\\/ca\\\/#\\\/schema\\\/logo\\\/image\\\/\",\"url\":\"https:\\\/\\\/cartellera.focus.cat\\\/wp-content\\\/uploads\\\/sites\\\/6\\\/2023\\\/01\\\/logo-focus.svg\",\"contentUrl\":\"https:\\\/\\\/cartellera.focus.cat\\\/wp-content\\\/uploads\\\/sites\\\/6\\\/2023\\\/01\\\/logo-focus.svg\",\"width\":1,\"height\":1,\"caption\":\"Cartellera Focus\"},\"image\":{\"@id\":\"https:\\\/\\\/cartellera.focus.cat\\\/ca\\\/#\\\/schema\\\/logo\\\/image\\\/\"},\"sameAs\":[\"https:\\\/\\\/www.instagram.com\\\/grupfocus_\",\"https:\\\/\\\/www.youtube.com\\\/channel\\\/UCHo1UBGWueryu2P-vn8CRXw\",\"https:\\\/\\\/www.linkedin.com\\\/company\\\/grup-focus\\\/\"]}]}<\/script>\n<!-- \/ Yoast SEO plugin. -->","yoast_head_json":{"title":"Una can\u00e7\u00f3 llunyana - Cartellera Focus","robots":{"index":"index","follow":"follow","max-snippet":"max-snippet:-1","max-image-preview":"max-image-preview:large","max-video-preview":"max-video-preview:-1"},"canonical":"https:\/\/cartellera.focus.cat\/ca\/ex\/una-canco-llunyana\/","og_locale":"ca_ES","og_type":"article","og_title":"Una can\u00e7\u00f3 llunyana - Cartellera Focus","og_url":"https:\/\/cartellera.focus.cat\/ca\/ex\/una-canco-llunyana\/","og_site_name":"Cartellera Focus","twitter_card":"summary_large_image","schema":{"@context":"https:\/\/schema.org","@graph":[{"@type":"WebPage","@id":"https:\/\/cartellera.focus.cat\/ca\/ex\/una-canco-llunyana\/","url":"https:\/\/cartellera.focus.cat\/ca\/ex\/una-canco-llunyana\/","name":"Una can\u00e7\u00f3 llunyana - Cartellera Focus","isPartOf":{"@id":"https:\/\/cartellera.focus.cat\/ca\/#website"},"datePublished":"2026-09-03T14:25:20+00:00","breadcrumb":{"@id":"https:\/\/cartellera.focus.cat\/ca\/ex\/una-canco-llunyana\/#breadcrumb"},"inLanguage":"ca","potentialAction":[{"@type":"ReadAction","target":["https:\/\/cartellera.focus.cat\/ca\/ex\/una-canco-llunyana\/"]}]},{"@type":"BreadcrumbList","@id":"https:\/\/cartellera.focus.cat\/ca\/ex\/una-canco-llunyana\/#breadcrumb","itemListElement":[{"@type":"ListItem","position":1,"name":"Home","item":"https:\/\/cartellera.focus.cat\/ca\/"},{"@type":"ListItem","position":2,"name":"Espectacles","item":"https:\/\/cartellera.focus.cat\/ca\/ex\/"},{"@type":"ListItem","position":3,"name":"Una can\u00e7\u00f3 llunyana"}]},{"@type":"WebSite","@id":"https:\/\/cartellera.focus.cat\/ca\/#website","url":"https:\/\/cartellera.focus.cat\/ca\/","name":"Cartellera Focus","description":"Troba el teu espectacle als teatres de Focus","publisher":{"@id":"https:\/\/cartellera.focus.cat\/ca\/#organization"},"potentialAction":[{"@type":"SearchAction","target":{"@type":"EntryPoint","urlTemplate":"https:\/\/cartellera.focus.cat\/ca\/?s={search_term_string}"},"query-input":{"@type":"PropertyValueSpecification","valueRequired":true,"valueName":"search_term_string"}}],"inLanguage":"ca"},{"@type":"Organization","@id":"https:\/\/cartellera.focus.cat\/ca\/#organization","name":"Cartellera Focus","url":"https:\/\/cartellera.focus.cat\/ca\/","logo":{"@type":"ImageObject","inLanguage":"ca","@id":"https:\/\/cartellera.focus.cat\/ca\/#\/schema\/logo\/image\/","url":"https:\/\/cartellera.focus.cat\/wp-content\/uploads\/sites\/6\/2023\/01\/logo-focus.svg","contentUrl":"https:\/\/cartellera.focus.cat\/wp-content\/uploads\/sites\/6\/2023\/01\/logo-focus.svg","width":1,"height":1,"caption":"Cartellera Focus"},"image":{"@id":"https:\/\/cartellera.focus.cat\/ca\/#\/schema\/logo\/image\/"},"sameAs":["https:\/\/www.instagram.com\/grupfocus_","https:\/\/www.youtube.com\/channel\/UCHo1UBGWueryu2P-vn8CRXw","https:\/\/www.linkedin.com\/company\/grup-focus\/"]}]}},"translations":[{"id":13851,"locale":"ca"},{"id":13862,"locale":"es"}],"_links":{"self":[{"href":"https:\/\/cartellera.focus.cat\/ca\/wp-json\/wp\/v2\/ex\/13851","targetHints":{"allow":["GET"]}}],"collection":[{"href":"https:\/\/cartellera.focus.cat\/ca\/wp-json\/wp\/v2\/ex"}],"about":[{"href":"https:\/\/cartellera.focus.cat\/ca\/wp-json\/wp\/v2\/types\/ex"}],"author":[{"embeddable":true,"href":"https:\/\/cartellera.focus.cat\/ca\/wp-json\/wp\/v2\/users\/2"}],"replies":[{"embeddable":true,"href":"https:\/\/cartellera.focus.cat\/ca\/wp-json\/wp\/v2\/comments?post=13851"}],"wp:attachment":[{"href":"https:\/\/cartellera.focus.cat\/ca\/wp-json\/wp\/v2\/media?parent=13851"}],"curies":[{"name":"wp","href":"https:\/\/api.w.org\/{rel}","templated":true}]}}

Una cançó llunyana

<p>Un matí d&#39;hivern, en Willem, un jove banquer establert a Nova York, rep una trucada inesperada. Aquesta notícia el força a tornar a Amsterdam, la ciutat que va deixar enrere fa anys. Incapaç de trobar el seu lloc en aquell retorn incòmode, Willem comença a escriure una sèrie de cartes. <br> <br>A través d&#39;aquestes, reflexiona sobre la seva relació amb la família, l&#39;amor que no va saber retenir i la identitat que ha anat perdent pel camí. Amb el pas dels dies, l&#39;escriptura passa a ser l&#39;única manera de posar paraules al que sent, d&#39;intentar entendre què ha perdut i què queda encara viu dins seu. <br> <br><em>Una cançó llunyana</em> és una obra que fa emergir, amb una mirada honesta i despullada, la humanitat, la quotidianitat i la cruesa que habiten circumstàncies com un retorn. Una peça íntima i precisa, que parla del que queda quan el so es converteix en silenci. </p>

Espectacle en català

<p> </p><p>Autoria: <em>Simon Stephens</em> i <em>Mark Eitzel</em> <br>Adaptació:  <strong>Daniel Anglès</strong> <br> Direcció: <strong>Oscar Fabrés </strong> </p><p>  </p><p>Intèrprets: <strong>Eduardo Lloveras </strong> </p><p> </p><p>Música original: <strong>Mark Eitzel</strong> <br>Composició, adaptació i piano: <strong>Joel Riu</strong> </p><p>  </p><p>Disseny d&#39;espai escènic: <strong>Oscar Fabrés</strong> <br>Disseny d&#39;il·luminació:  <strong>Sergio Gracia</strong> </p><p>  </p><p>   </p><p>Producció executiva: <strong>Oscar Fabrés i Eduardo Lloveras</strong> </p><p>  </p><p>Cap tècnic del teatre:  <strong>Andrés Piza</strong>  </p><p>   </p><p>Màrqueting i comunicació: <strong>La Villarroel</strong>  </p><p>   </p><p>  </p><p>  </p><p>Esponsor: <strong>Iaios  </strong> </p><p>  </p><p>Agraïments: <strong>Jaume Viñas, Casa Orlandai, Fundació AISGE, Llotja Escola d&#39;Art i Disseny</strong> </p><p>  </p><p>  </p><p>És una producció de <strong>Oscar Fabrés i Eduardo Lloveras</strong> </p>

UnaCançoLlunyana

Una cançó llunyana a La Villarroel de Barcelona

[{"localizer":"V4CARTELL","url":"media/ver/cartell/v4/2026/09/ce477b8f-7f2b-4aaa-b2f3-3e77febfd118.jpg","thumb_url":"media/ver/cartell/v4/2026/09/9e5dc322-f15d-4e9f-bd0f-dd14d588f20e.jpg","title":"Una cançó llunyana a La Villarroel de Barcelona","description":"<p>Una&nbsp;cançó&nbsp;llunyana&nbsp;a&nbsp;La&nbsp;Villarroel&nbsp;de&nbsp;Barcelona</p>","copyright":"","order":0},{"localizer":"V4PORTADA","url":"media/ver/port/v4/2026/09/3d45d5e3-8dda-4090-a194-de8d64b2079f.jpg","thumb_url":"media/ver/port/v4/2026/09/6fe307f3-4e45-4a61-b51d-c179ebe7fcc6.jpg","title":"Una cançó llunyana a La Villarroel de Barcelona","description":"<p>Una&nbsp;cançó&nbsp;llunyana&nbsp;a&nbsp;La&nbsp;Villarroel&nbsp;de&nbsp;Barcelona</p>","copyright":"","order":0},{"localizer":"V4PORTADAWIDE","url":"media/ver/port/wide/v4/2026/09/1efe9d5e-b66e-41d5-b18c-872043ffa4f8.jpg","thumb_url":"media/ver/port/wide/v4/2026/09/9e24050b-6413-443f-8cd6-c7de9807d55e.jpg","title":"Una cançó llunyana a La Villarroel de Barcelona","description":"<p>Una&nbsp;cançó&nbsp;llunyana&nbsp;a&nbsp;La&nbsp;Villarroel&nbsp;de&nbsp;Barcelona</p>","copyright":"","order":0},{"localizer":"V4PORTADAWIDEMOBILE","url":"media/ver/port/wide/mobile/v4/2026/09/d2e12e91-0943-45e2-adfd-55fbd1ec78d4.jpg","thumb_url":"media/ver/port/wide/mobile/v4/2026/09/1814a8a3-1547-429d-ade4-8461573c7130.jpg","title":"Una cançó llunyana a La Villarroel de Barcelona","description":"<p>Una&nbsp;cançó&nbsp;llunyana&nbsp;a&nbsp;La&nbsp;Villarroel&nbsp;de&nbsp;Barcelona</p>","copyright":"","order":0}]

<!-- This site is optimized with the Yoast SEO plugin v28.4 - https://yoast.com/product/yoast-seo-wordpress/ -->
<title>Una cançó llunyana - Cartellera Focus</title>
<meta name="robots" content="index, follow, max-snippet:-1, max-image-preview:large, max-video-preview:-1" />
<link rel="canonical" href="https://cartellera.focus.cat/ca/ex/una-canco-llunyana/" />
<meta property="og:locale" content="ca_ES" />
<meta property="og:type" content="article" />
<meta property="og:title" content="Una cançó llunyana - Cartellera Focus" />
<meta property="og:url" content="https://cartellera.focus.cat/ca/ex/una-canco-llunyana/" />
<meta property="og:site_name" content="Cartellera Focus" />
<meta name="twitter:card" content="summary_large_image" />
<script type="application/ld+json" class="yoast-schema-graph">{"@context":"https:\/\/schema.org","@graph":[{"@type":"WebPage","@id":"https:\/\/cartellera.focus.cat\/ca\/ex\/una-canco-llunyana\/","url":"https:\/\/cartellera.focus.cat\/ca\/ex\/una-canco-llunyana\/","name":"Una cançó llunyana - Cartellera Focus","isPartOf":{"@id":"https:\/\/cartellera.focus.cat\/ca\/#website"},"datePublished":"2026-09-03T14:25:20+00:00","breadcrumb":{"@id":"https:\/\/cartellera.focus.cat\/ca\/ex\/una-canco-llunyana\/#breadcrumb"},"inLanguage":"ca","potentialAction":[{"@type":"ReadAction","target":["https:\/\/cartellera.focus.cat\/ca\/ex\/una-canco-llunyana\/"]}]},{"@type":"BreadcrumbList","@id":"https:\/\/cartellera.focus.cat\/ca\/ex\/una-canco-llunyana\/#breadcrumb","itemListElement":[{"@type":"ListItem","position":1,"name":"Home","item":"https:\/\/cartellera.focus.cat\/ca\/"},{"@type":"ListItem","position":2,"name":"Espectacles","item":"https:\/\/cartellera.focus.cat\/ca\/ex\/"},{"@type":"ListItem","position":3,"name":"Una cançó llunyana"}]},{"@type":"WebSite","@id":"https:\/\/cartellera.focus.cat\/ca\/#website","url":"https:\/\/cartellera.focus.cat\/ca\/","name":"Cartellera Focus","description":"Troba el teu espectacle als teatres de Focus","publisher":{"@id":"https:\/\/cartellera.focus.cat\/ca\/#organization"},"potentialAction":[{"@type":"SearchAction","target":{"@type":"EntryPoint","urlTemplate":"https:\/\/cartellera.focus.cat\/ca\/?s={search_term_string}"},"query-input":{"@type":"PropertyValueSpecification","valueRequired":true,"valueName":"search_term_string"}}],"inLanguage":"ca"},{"@type":"Organization","@id":"https:\/\/cartellera.focus.cat\/ca\/#organization","name":"Cartellera Focus","url":"https:\/\/cartellera.focus.cat\/ca\/","logo":{"@type":"ImageObject","inLanguage":"ca","@id":"https:\/\/cartellera.focus.cat\/ca\/#\/schema\/logo\/image\/","url":"https:\/\/cartellera.focus.cat\/wp-content\/uploads\/sites\/6\/2023\/01\/logo-focus.svg","contentUrl":"https:\/\/cartellera.focus.cat\/wp-content\/uploads\/sites\/6\/2023\/01\/logo-focus.svg","width":1,"height":1,"caption":"Cartellera Focus"},"image":{"@id":"https:\/\/cartellera.focus.cat\/ca\/#\/schema\/logo\/image\/"},"sameAs":["https:\/\/www.instagram.com\/grupfocus_","https:\/\/www.youtube.com\/channel\/UCHo1UBGWueryu2P-vn8CRXw","https:\/\/www.linkedin.com\/company\/grup-focus\/"]}]}</script>
<!-- / Yoast SEO plugin. -->

Una cançó llunyana - Cartellera Focus
