{"id":13853,"date":"2026-09-03T14:41:41","date_gmt":"2026-09-03T14:41:41","guid":{"rendered":"https:\/\/cartellera.focus.cat\/ex\/ricard-de-3r-2\/"},"modified":"2026-09-03T20:30:19","modified_gmt":"2026-09-03T20:30:19","slug":"ricard-de-3r","status":"publish","type":"ex","link":"https:\/\/cartellera.focus.cat\/ca\/ex\/ricard-de-3r\/","title":{"rendered":"Ricard de 3r"},"content":{"rendered":"","protected":false},"excerpt":{"rendered":"","protected":false},"author":2,"featured_media":0,"comment_status":"closed","ping_status":"open","template":"","class_list":["post-13853","ex","type-ex","status-publish","hentry"],"acf":{"txt_synopsis":"<p align=\"justify\">Aquesta \u00e9s la hist\u00f2ria d'en Ricard, un adolescent t\u00edmid i introspectiu que passa hores tancat al garatge de casa seva, alimentant la quotidianitat que ell percep com a excloent, hostil i depriment. Un dia, gr\u00e0cies a un fet extraordinari que altera la monotonia, descobreix l'obra El Rei Ricard III de William Shakespeare. Els paral\u00b7lelismes que troba de Gloucester amb la seva pr\u00f2pia vida el porten a obsessionar-se amb el personatge que es converteix en l'exemple a seguir, utilitzant, com ell, la manipulaci\u00f3 i la viol\u00e8ncia per intentar canviar el seu trist dest\u00ed. <br \/><br \/>A <em>Ricard de 3r<\/em> l'espectador, convertit en voyeur de primera fila, observar\u00e0 amb detall la metamorfosi de l'adolescent, i no podr\u00e0 evitar preguntar-se si l'educaci\u00f3 i la societat tenen part de responsabilitat en casos com aquest.<\/p>","main_buy_link":"","main_buy_links":"[\"\"]","group_buy_link":"","show_language":"Espectacle en catal\u00e0","show_duration":"75","show_start_date":"20261114000000","show_end_date":"20261114000000","show_sort_date":"20261114000000","txt_custom_show_dates":"","show_disciplines":"3","show_ultimes_funcions":false,"hide_tarifes_especials":false,"show_properament":false,"txt_additional_info":"<p>Recomanat a partir de <strong>14 anys<\/strong>  <\/p>","txt_present":"","show_season":false,"txt_season":"[\"2026\/27\"]","txt_cycle":"RBLS","txt_claim":"","txt_cast_excerpt":"","txt_cast":"<p>Autoria: <strong>Gerard Guix<br><\/strong>Direcci\u00f3: <strong>Montse Rodr\u00edguez i Clusella<\/strong>   <\/p><p>  <\/p><p>Int\u00e8rpret: <strong>Brandon Caritg<\/strong> <\/p><p> <\/p><p>Escenografia: <strong>Anna Alcubierre<\/strong> <br>Il\u00b7luminaci\u00f3: <strong>Montse Rodr\u00edguez i Clusella<\/strong> <br>Espai sonor:  <strong>Gerard Guix<\/strong>  <\/p><p> <\/p><p>  <\/p><p>Producci\u00f3 executiva i distribuci\u00f3: <strong>Cristina Ferrer \/ Tot Produccions<\/strong>  <\/p><p>  <\/p><p>Ajudantia de direcci\u00f3: <strong>Quim \u00c0vila<\/strong> <br>Ajudantia d&#39;escenografia: <strong>Clea Granados Nikolaidou<\/strong> <br>Ajudantia de producci\u00f3: <strong>Xavier Biel<\/strong> <br>Cap t\u00e8cnic del teatre: <strong>Andr\u00e9s Piza<\/strong>  <\/p><p>   <\/p><p>  <\/p><p>Alumnes en pr\u00e0ctiques: <strong>Abril Reches<\/strong>  <\/p><p>  <\/p><p>Premsa i comunicaci\u00f3: <strong>Fernando Solla<\/strong> <br>M\u00e0rqueting i comunicaci\u00f3 del teatre: <strong>La Villarroel<\/strong> <br>Fotografies i veu en off: <strong>\u00c0gata Casanovas<\/strong> <br>Disseny imatge: <strong>Ricardo \u00c1vila <\/strong> <\/p><p><strong>  <\/strong> <\/p><p> <\/p><p>  <\/p><p>  <\/p><p>  <\/p><p>Agra\u00efments: <strong>Quim Borrell, Albert Puigdueta, Antonio \u00c1vila, Carles Rodr\u00edguez, Juanjo Balsera, Marta Fair\u00e9n, Octavi Brull, Xavier Costas i Carlight<\/strong> <\/p><p> <\/p><p> <\/p><p> <\/p><p>\u00c9s una producci\u00f3 de <strong>l&#39;Associaci\u00f3 Imperfecta<\/strong>  <\/p><p>  <\/p><p>  <\/p>","txt_reviews":"","hashtag":"RicardDe3er","have_promo":"","slogan":"","id_exhibicio":2427,"id_versio":954,"id_local":4,"txt_seo_desc":"Ricard de 3r a La Villarroel de Barcelona","data_images":"[{\"localizer\":\"V4CARTELL\",\"url\":\"media\/ver\/cartell\/v4\/2026\/09\/8e6fbd5f-a8f3-4ab2-9677-087901c961c2.jpg\",\"thumb_url\":\"media\/ver\/cartell\/v4\/2026\/09\/5f0a414f-350f-4cf9-91aa-66b43e2dc42c.jpg\",\"title\":\"Ricard de 3r a La Villarroel de Barcelona\",\"description\":\"<p>Ricard&nbsp;de&nbsp;3r&nbsp;a&nbsp;La&nbsp;Villarroel&nbsp;de&nbsp;Barcelona<\/p>\",\"copyright\":\"\",\"order\":0},{\"localizer\":\"V4PORTADA\",\"url\":\"media\/ver\/port\/v4\/2026\/09\/c139cfb2-46a4-4390-8495-ef2d83ab4ba6.jpg\",\"thumb_url\":\"media\/ver\/port\/v4\/2026\/09\/10aff891-9691-49a4-bd87-aab43c1b3015.jpg\",\"title\":\"Ricard de 3r a La Villarroel de Barcelona\",\"description\":\"<p>Ricard&nbsp;de&nbsp;3r&nbsp;a&nbsp;La&nbsp;Villarroel&nbsp;de&nbsp;Barcelona<\/p>\",\"copyright\":\"\",\"order\":0},{\"localizer\":\"V4PORTADAWIDE\",\"url\":\"media\/ver\/port\/wide\/v4\/2026\/09\/58b9471b-0c84-45fb-a3b6-52f87d78c8d3.jpg\",\"thumb_url\":\"media\/ver\/port\/wide\/v4\/2026\/09\/11f625bc-36c7-4ab2-a0f4-fead413f67b5.jpg\",\"title\":\"Ricard de 3r a La Villarroel de Barcelona\",\"description\":\"<p>Ricard&nbsp;de&nbsp;3r&nbsp;a&nbsp;La&nbsp;Villarroel&nbsp;de&nbsp;Barcelona<\/p>\",\"copyright\":\"\",\"order\":0},{\"localizer\":\"V4PORTADAWIDEMOBILE\",\"url\":\"media\/ver\/port\/wide\/mobile\/v4\/2026\/09\/1c5a73d5-9712-4902-9754-45798ca3a7f7.jpg\",\"thumb_url\":\"media\/ver\/port\/wide\/mobile\/v4\/2026\/09\/e27c4628-4687-4d2e-93bc-5e33f94558a5.jpg\",\"title\":\"Ricard de 3r a La Villarroel de Barcelona\",\"description\":\"<p>Ricard&nbsp;de&nbsp;3r&nbsp;a&nbsp;La&nbsp;Villarroel&nbsp;de&nbsp;Barcelona<\/p>\",\"copyright\":\"\",\"order\":0}]","material__texto_intro":"","data_material":null,"data_gallery":"","data_discounts":"[]","contract_is_open":false,"in_tour":false},"yoast_head":"<!-- This site is optimized with the Yoast SEO plugin v28.4 - https:\/\/yoast.com\/product\/yoast-seo-wordpress\/ -->\n<title>Ricard de 3r - Cartellera Focus<\/title>\n<meta name=\"robots\" content=\"index, follow, max-snippet:-1, max-image-preview:large, max-video-preview:-1\" \/>\n<link rel=\"canonical\" href=\"https:\/\/cartellera.focus.cat\/ca\/ex\/ricard-de-3r\/\" \/>\n<meta property=\"og:locale\" content=\"ca_ES\" \/>\n<meta property=\"og:type\" content=\"article\" \/>\n<meta property=\"og:title\" content=\"Ricard de 3r - Cartellera Focus\" \/>\n<meta property=\"og:url\" content=\"https:\/\/cartellera.focus.cat\/ca\/ex\/ricard-de-3r\/\" \/>\n<meta property=\"og:site_name\" content=\"Cartellera Focus\" \/>\n<meta property=\"article:modified_time\" content=\"2026-09-03T20:30:19+00:00\" \/>\n<meta name=\"twitter:card\" content=\"summary_large_image\" \/>\n<script type=\"application\/ld+json\" class=\"yoast-schema-graph\">{\"@context\":\"https:\\\/\\\/schema.org\",\"@graph\":[{\"@type\":\"WebPage\",\"@id\":\"https:\\\/\\\/cartellera.focus.cat\\\/ca\\\/ex\\\/ricard-de-3r\\\/\",\"url\":\"https:\\\/\\\/cartellera.focus.cat\\\/ca\\\/ex\\\/ricard-de-3r\\\/\",\"name\":\"Ricard de 3r - Cartellera Focus\",\"isPartOf\":{\"@id\":\"https:\\\/\\\/cartellera.focus.cat\\\/ca\\\/#website\"},\"datePublished\":\"2026-09-03T14:41:41+00:00\",\"dateModified\":\"2026-09-03T20:30:19+00:00\",\"breadcrumb\":{\"@id\":\"https:\\\/\\\/cartellera.focus.cat\\\/ca\\\/ex\\\/ricard-de-3r\\\/#breadcrumb\"},\"inLanguage\":\"ca\",\"potentialAction\":[{\"@type\":\"ReadAction\",\"target\":[\"https:\\\/\\\/cartellera.focus.cat\\\/ca\\\/ex\\\/ricard-de-3r\\\/\"]}]},{\"@type\":\"BreadcrumbList\",\"@id\":\"https:\\\/\\\/cartellera.focus.cat\\\/ca\\\/ex\\\/ricard-de-3r\\\/#breadcrumb\",\"itemListElement\":[{\"@type\":\"ListItem\",\"position\":1,\"name\":\"Home\",\"item\":\"https:\\\/\\\/cartellera.focus.cat\\\/ca\\\/\"},{\"@type\":\"ListItem\",\"position\":2,\"name\":\"Espectacles\",\"item\":\"https:\\\/\\\/cartellera.focus.cat\\\/ca\\\/ex\\\/\"},{\"@type\":\"ListItem\",\"position\":3,\"name\":\"Ricard de 3r\"}]},{\"@type\":\"WebSite\",\"@id\":\"https:\\\/\\\/cartellera.focus.cat\\\/ca\\\/#website\",\"url\":\"https:\\\/\\\/cartellera.focus.cat\\\/ca\\\/\",\"name\":\"Cartellera Focus\",\"description\":\"Troba el teu espectacle als teatres de Focus\",\"publisher\":{\"@id\":\"https:\\\/\\\/cartellera.focus.cat\\\/ca\\\/#organization\"},\"potentialAction\":[{\"@type\":\"SearchAction\",\"target\":{\"@type\":\"EntryPoint\",\"urlTemplate\":\"https:\\\/\\\/cartellera.focus.cat\\\/ca\\\/?s={search_term_string}\"},\"query-input\":{\"@type\":\"PropertyValueSpecification\",\"valueRequired\":true,\"valueName\":\"search_term_string\"}}],\"inLanguage\":\"ca\"},{\"@type\":\"Organization\",\"@id\":\"https:\\\/\\\/cartellera.focus.cat\\\/ca\\\/#organization\",\"name\":\"Cartellera Focus\",\"url\":\"https:\\\/\\\/cartellera.focus.cat\\\/ca\\\/\",\"logo\":{\"@type\":\"ImageObject\",\"inLanguage\":\"ca\",\"@id\":\"https:\\\/\\\/cartellera.focus.cat\\\/ca\\\/#\\\/schema\\\/logo\\\/image\\\/\",\"url\":\"https:\\\/\\\/cartellera.focus.cat\\\/wp-content\\\/uploads\\\/sites\\\/6\\\/2023\\\/01\\\/logo-focus.svg\",\"contentUrl\":\"https:\\\/\\\/cartellera.focus.cat\\\/wp-content\\\/uploads\\\/sites\\\/6\\\/2023\\\/01\\\/logo-focus.svg\",\"width\":1,\"height\":1,\"caption\":\"Cartellera Focus\"},\"image\":{\"@id\":\"https:\\\/\\\/cartellera.focus.cat\\\/ca\\\/#\\\/schema\\\/logo\\\/image\\\/\"},\"sameAs\":[\"https:\\\/\\\/www.instagram.com\\\/grupfocus_\",\"https:\\\/\\\/www.youtube.com\\\/channel\\\/UCHo1UBGWueryu2P-vn8CRXw\",\"https:\\\/\\\/www.linkedin.com\\\/company\\\/grup-focus\\\/\"]}]}<\/script>\n<!-- \/ Yoast SEO plugin. -->","yoast_head_json":{"title":"Ricard de 3r - Cartellera Focus","robots":{"index":"index","follow":"follow","max-snippet":"max-snippet:-1","max-image-preview":"max-image-preview:large","max-video-preview":"max-video-preview:-1"},"canonical":"https:\/\/cartellera.focus.cat\/ca\/ex\/ricard-de-3r\/","og_locale":"ca_ES","og_type":"article","og_title":"Ricard de 3r - Cartellera Focus","og_url":"https:\/\/cartellera.focus.cat\/ca\/ex\/ricard-de-3r\/","og_site_name":"Cartellera Focus","article_modified_time":"2026-09-03T20:30:19+00:00","twitter_card":"summary_large_image","schema":{"@context":"https:\/\/schema.org","@graph":[{"@type":"WebPage","@id":"https:\/\/cartellera.focus.cat\/ca\/ex\/ricard-de-3r\/","url":"https:\/\/cartellera.focus.cat\/ca\/ex\/ricard-de-3r\/","name":"Ricard de 3r - Cartellera Focus","isPartOf":{"@id":"https:\/\/cartellera.focus.cat\/ca\/#website"},"datePublished":"2026-09-03T14:41:41+00:00","dateModified":"2026-09-03T20:30:19+00:00","breadcrumb":{"@id":"https:\/\/cartellera.focus.cat\/ca\/ex\/ricard-de-3r\/#breadcrumb"},"inLanguage":"ca","potentialAction":[{"@type":"ReadAction","target":["https:\/\/cartellera.focus.cat\/ca\/ex\/ricard-de-3r\/"]}]},{"@type":"BreadcrumbList","@id":"https:\/\/cartellera.focus.cat\/ca\/ex\/ricard-de-3r\/#breadcrumb","itemListElement":[{"@type":"ListItem","position":1,"name":"Home","item":"https:\/\/cartellera.focus.cat\/ca\/"},{"@type":"ListItem","position":2,"name":"Espectacles","item":"https:\/\/cartellera.focus.cat\/ca\/ex\/"},{"@type":"ListItem","position":3,"name":"Ricard de 3r"}]},{"@type":"WebSite","@id":"https:\/\/cartellera.focus.cat\/ca\/#website","url":"https:\/\/cartellera.focus.cat\/ca\/","name":"Cartellera Focus","description":"Troba el teu espectacle als teatres de Focus","publisher":{"@id":"https:\/\/cartellera.focus.cat\/ca\/#organization"},"potentialAction":[{"@type":"SearchAction","target":{"@type":"EntryPoint","urlTemplate":"https:\/\/cartellera.focus.cat\/ca\/?s={search_term_string}"},"query-input":{"@type":"PropertyValueSpecification","valueRequired":true,"valueName":"search_term_string"}}],"inLanguage":"ca"},{"@type":"Organization","@id":"https:\/\/cartellera.focus.cat\/ca\/#organization","name":"Cartellera Focus","url":"https:\/\/cartellera.focus.cat\/ca\/","logo":{"@type":"ImageObject","inLanguage":"ca","@id":"https:\/\/cartellera.focus.cat\/ca\/#\/schema\/logo\/image\/","url":"https:\/\/cartellera.focus.cat\/wp-content\/uploads\/sites\/6\/2023\/01\/logo-focus.svg","contentUrl":"https:\/\/cartellera.focus.cat\/wp-content\/uploads\/sites\/6\/2023\/01\/logo-focus.svg","width":1,"height":1,"caption":"Cartellera Focus"},"image":{"@id":"https:\/\/cartellera.focus.cat\/ca\/#\/schema\/logo\/image\/"},"sameAs":["https:\/\/www.instagram.com\/grupfocus_","https:\/\/www.youtube.com\/channel\/UCHo1UBGWueryu2P-vn8CRXw","https:\/\/www.linkedin.com\/company\/grup-focus\/"]}]}},"translations":[{"id":13853,"locale":"ca"},{"id":13864,"locale":"es"}],"_links":{"self":[{"href":"https:\/\/cartellera.focus.cat\/ca\/wp-json\/wp\/v2\/ex\/13853","targetHints":{"allow":["GET"]}}],"collection":[{"href":"https:\/\/cartellera.focus.cat\/ca\/wp-json\/wp\/v2\/ex"}],"about":[{"href":"https:\/\/cartellera.focus.cat\/ca\/wp-json\/wp\/v2\/types\/ex"}],"author":[{"embeddable":true,"href":"https:\/\/cartellera.focus.cat\/ca\/wp-json\/wp\/v2\/users\/2"}],"replies":[{"embeddable":true,"href":"https:\/\/cartellera.focus.cat\/ca\/wp-json\/wp\/v2\/comments?post=13853"}],"wp:attachment":[{"href":"https:\/\/cartellera.focus.cat\/ca\/wp-json\/wp\/v2\/media?parent=13853"}],"curies":[{"name":"wp","href":"https:\/\/api.w.org\/{rel}","templated":true}]}}

<p align="justify">Aquesta és la història d'en Ricard, un adolescent tímid i introspectiu que passa hores tancat al garatge de casa seva, alimentant la quotidianitat que ell percep com a excloent, hostil i depriment. Un dia, gràcies a un fet extraordinari que altera la monotonia, descobreix l'obra El Rei Ricard III de William Shakespeare. Els paral·lelismes que troba de Gloucester amb la seva pròpia vida el porten a obsessionar-se amb el personatge que es converteix en l'exemple a seguir, utilitzant, com ell, la manipulació i la violència per intentar canviar el seu trist destí. <br /><br />A <em>Ricard de 3r</em> l'espectador, convertit en voyeur de primera fila, observarà amb detall la metamorfosi de l'adolescent, i no podrà evitar preguntar-se si l'educació i la societat tenen part de responsabilitat en casos com aquest.</p>

Espectacle en català

<p>Autoria: <strong>Gerard Guix<br></strong>Direcció: <strong>Montse Rodríguez i Clusella</strong>   </p><p>  </p><p>Intèrpret: <strong>Brandon Caritg</strong> </p><p> </p><p>Escenografia: <strong>Anna Alcubierre</strong> <br>Il·luminació: <strong>Montse Rodríguez i Clusella</strong> <br>Espai sonor:  <strong>Gerard Guix</strong>  </p><p> </p><p>  </p><p>Producció executiva i distribució: <strong>Cristina Ferrer / Tot Produccions</strong>  </p><p>  </p><p>Ajudantia de direcció: <strong>Quim Àvila</strong> <br>Ajudantia d&#39;escenografia: <strong>Clea Granados Nikolaidou</strong> <br>Ajudantia de producció: <strong>Xavier Biel</strong> <br>Cap tècnic del teatre: <strong>Andrés Piza</strong>  </p><p>   </p><p>  </p><p>Alumnes en pràctiques: <strong>Abril Reches</strong>  </p><p>  </p><p>Premsa i comunicació: <strong>Fernando Solla</strong> <br>Màrqueting i comunicació del teatre: <strong>La Villarroel</strong> <br>Fotografies i veu en off: <strong>Àgata Casanovas</strong> <br>Disseny imatge: <strong>Ricardo Ávila </strong> </p><p><strong>  </strong> </p><p> </p><p>  </p><p>  </p><p>  </p><p>Agraïments: <strong>Quim Borrell, Albert Puigdueta, Antonio Ávila, Carles Rodríguez, Juanjo Balsera, Marta Fairén, Octavi Brull, Xavier Costas i Carlight</strong> </p><p> </p><p> </p><p> </p><p>És una producció de <strong>l&#39;Associació Imperfecta</strong>  </p><p>  </p><p>  </p>
