{"id":13857,"date":"2026-09-03T14:19:13","date_gmt":"2026-09-03T14:19:13","guid":{"rendered":"https:\/\/cartellera.focus.cat\/ex\/un-lloc-comu\/"},"modified":"2026-09-03T14:19:13","modified_gmt":"2026-09-03T14:19:13","slug":"un-lloc-comu","status":"publish","type":"ex","link":"https:\/\/cartellera.focus.cat\/es\/ex\/un-lloc-comu\/","title":{"rendered":"Un lloc com\u00fa"},"content":{"rendered":"","protected":false},"excerpt":{"rendered":"","protected":false},"author":2,"featured_media":0,"comment_status":"closed","ping_status":"closed","template":"","class_list":["post-13857","ex","type-ex","status-publish","hentry"],"acf":{"txt_synopsis":"<p><strong>\u00bfQu\u00e9 somos capaces de sacrificar y justificar en nombre del \u00e9xito?<\/strong> <\/p><p>Un reconocido escritor ha muerto. Y, en cumplimiento de sus \u00faltimas voluntades, cinco mujeres que lo acompa\u00f1aron a lo largo de su vida se re\u00fanen en una cena previa a su entierro. <\/p><p>Juntas descubrir\u00e1n que todas ellas fueron v\u00edctimas de un enga\u00f1o. Que gestaron gran parte del \u00e9xito de quien un d\u00eda fue su compa\u00f1ero. Y lo hicieron con su trabajo y con su talento. Pero eso nunca fue reconocido ni mencionado por nadie a lo largo de su vida. Mucho menos por su propio compa\u00f1ero. <\/p><p>Este descubrimiento provocar\u00e1 un cambio de perspectiva y abrir\u00e1 un profundo debate entre ellas sobre c\u00f3mo gestionar, a partir de ese momento, aquellas \u00faltimas voluntades. Tanto las del hombre que ha muerto como las de quienes continuar\u00e1n viviendo. <\/p><p>Una realidad que trastoca este \u00faltimo adi\u00f3s. La despedida de un ser que fue amado. Al menos, hasta ese momento. <\/p>","main_buy_link":"https:\/\/tickets.oneboxtds.com\/lavillarroel\/events\/58959?hl=es-ES","main_buy_links":"[\"https:\/\/tickets.oneboxtds.com\/lavillarroel\/events\/58959?hl=es-ES  \"]","group_buy_link":"","show_language":"Espect\u00e1culo en catal\u00e0","show_duration":"90","show_start_date":"20270507000000","show_end_date":"20270606000000","show_sort_date":"20270507000000","txt_custom_show_dates":"","show_disciplines":"11","show_ultimes_funcions":false,"hide_tarifes_especials":false,"show_properament":false,"txt_additional_info":"<p>Recomendado a partir de <strong>14 a\u00f1os<\/strong>  <\/p>","txt_present":"","show_season":false,"txt_season":"[\"2026\/27\"]","txt_cycle":"","txt_claim":"","txt_cast_excerpt":"","txt_cast":"<p>Autoria: <strong>Joan Yago<br><\/strong>Direcci\u00f3n:  <strong>Joan Arqu\u00e9<\/strong>  <\/p><p>  <\/p><p>Int\u00e9pretes: <strong>Rosa G\u00e0miz, Vict\u00f2ria Pag\u00e8s, Sandra Moncl\u00fas, Tamara Ndong, Laura Aubert<\/strong> <\/p><p>  <\/p><p>Escenograf\u00eda:  <strong>Adri\u00e0 Pinar<\/strong> <br>Vestuario: <strong> N\u00eddia Tusal<\/strong> <br>Iluminaci\u00f3n: <strong>Toni Ubach<\/strong> <br>Espacio sonoro: <strong>Erol Ileri, Marc J\u00f3dar<\/strong> <\/p><p> <\/p><p>  <\/p><p>Direcci\u00f3n de producci\u00f3n:  <strong>\u00d2scar Balcells<\/strong> <br>Producci\u00f3n ejecutiva:  <strong>Judit Codina<\/strong> <br>Direcci\u00f3n t\u00e9cnica: <strong>Jordi Dom\u00e8nec<\/strong> <\/p><p>  <\/p><p> Ayudante de direcci\u00f3n: <strong>Anna Castells<\/strong> <br>Ayudante de producci\u00f3n: <strong>Pol Gil, Llu\u00eds Segura<\/strong> <br>Jefe t\u00e9cnico del teatro: <strong>Andr\u00e9s Piza<\/strong>  <\/p><p>  <\/p><p>M\u00e1rquetin y comunicaci\u00f3n y dise\u00f1o gr\u00e1fico: <strong>La Villarroel<\/strong> <br>Administraci\u00f3n: <strong>M\u00f2nica Card\u00fas<\/strong>  <\/p><p>   <\/p><p> <\/p><p>Con el apoyo de: <strong>Institut Catal\u00e0 de les Empreses Culturals<\/strong>  <\/p><p> <\/p><p>  <\/p><p>Distribuci\u00f3n: <strong>Marta Riera<\/strong> (marta@teatreaurora.cat)  <\/p><p> <\/p><p>  <\/p><p>Es una coproducci\u00f3n del <strong>Teatre de l&#39;Aurora i La Villarroel <\/strong> <\/p><p>  <\/p>","txt_reviews":"","hashtag":"UnLlocCom\u00fa","have_promo":"","slogan":"","id_exhibicio":2423,"id_versio":1888,"id_local":4,"txt_seo_desc":"Un lloc com\u00fa a La Villarroel de Barcelona","data_images":"[{\"localizer\":\"V4CARTELL\",\"url\":\"media\/ver\/cartell\/v4\/2026\/09\/4193be4a-e5eb-4abb-b14c-feae42504d8b.jpg\",\"thumb_url\":\"media\/ver\/cartell\/v4\/2026\/09\/c457358b-bea9-4082-9127-5cb32b25e8c4.jpg\",\"title\":\"Un lloc com\u00fa a La Villarroel de Barcelona\",\"description\":\"<p>Un&nbsp;lloc&nbsp;com\u00fa&nbsp;a&nbsp;La&nbsp;Villarroel&nbsp;de&nbsp;Barcelona<\/p>\",\"copyright\":\"\",\"order\":0},{\"localizer\":\"V4PORTADA\",\"url\":\"media\/ver\/port\/v4\/2026\/09\/be01d012-c935-45b0-8e7e-b79e042ef191.jpg\",\"thumb_url\":\"media\/ver\/port\/v4\/2026\/09\/8d348b80-b523-4f11-b860-0c3c432324f5.jpg\",\"title\":\"Un lloc com\u00fa a La Villarroel de Barcelona\",\"description\":\"<p>Un&nbsp;lloc&nbsp;com\u00fa&nbsp;a&nbsp;La&nbsp;Villarroel&nbsp;de&nbsp;Barcelona<\/p>\",\"copyright\":\"\",\"order\":0},{\"localizer\":\"V4PORTADAWIDE\",\"url\":\"media\/ver\/port\/wide\/v4\/2026\/09\/d4a770ea-06be-4ed4-901c-c141f7953d41.jpg\",\"thumb_url\":\"media\/ver\/port\/wide\/v4\/2026\/09\/1d3f9981-c9af-4a03-9bb3-e7716be859ad.jpg\",\"title\":\"Un lloc com\u00fa a La Villarroel de Barcelona\",\"description\":\"<p>Un&nbsp;lloc&nbsp;com\u00fa&nbsp;a&nbsp;La&nbsp;Villarroel&nbsp;de&nbsp;Barcelona<\/p>\",\"copyright\":\"\",\"order\":0},{\"localizer\":\"V4PORTADAWIDEMOBILE\",\"url\":\"media\/ver\/port\/wide\/mobile\/v4\/2026\/09\/5bf188ea-e79d-4ce4-8002-75c68990191a.jpg\",\"thumb_url\":\"media\/ver\/port\/wide\/mobile\/v4\/2026\/09\/c2647c90-e1a4-4cb7-8953-22f2dfaa47cf.jpg\",\"title\":\"Un lloc com\u00fa a La Villarroel de Barcelona\",\"description\":\"<p>Un&nbsp;lloc&nbsp;com\u00fa&nbsp;a&nbsp;La&nbsp;Villarroel&nbsp;de&nbsp;Barcelona<\/p>\",\"copyright\":\"\",\"order\":0}]","material__texto_intro":"","data_material":null,"data_gallery":"","data_discounts":"[]","contract_is_open":false,"in_tour":false},"yoast_head":"<!-- This site is optimized with the Yoast SEO plugin v28.4 - https:\/\/yoast.com\/product\/yoast-seo-wordpress\/ -->\n<title>Un lloc com\u00fa - Cartellera Focus<\/title>\n<meta name=\"robots\" content=\"index, follow, max-snippet:-1, max-image-preview:large, max-video-preview:-1\" \/>\n<link rel=\"canonical\" href=\"https:\/\/cartellera.focus.cat\/es\/ex\/un-lloc-comu\/\" \/>\n<meta property=\"og:locale\" content=\"es_ES\" \/>\n<meta property=\"og:type\" content=\"article\" \/>\n<meta property=\"og:title\" content=\"Un lloc com\u00fa - Cartellera Focus\" \/>\n<meta property=\"og:url\" content=\"https:\/\/cartellera.focus.cat\/es\/ex\/un-lloc-comu\/\" \/>\n<meta property=\"og:site_name\" content=\"Cartellera Focus\" \/>\n<meta name=\"twitter:card\" content=\"summary_large_image\" \/>\n<script type=\"application\/ld+json\" class=\"yoast-schema-graph\">{\"@context\":\"https:\\\/\\\/schema.org\",\"@graph\":[{\"@type\":\"WebPage\",\"@id\":\"https:\\\/\\\/cartellera.focus.cat\\\/es\\\/ex\\\/un-lloc-comu\\\/\",\"url\":\"https:\\\/\\\/cartellera.focus.cat\\\/es\\\/ex\\\/un-lloc-comu\\\/\",\"name\":\"Un lloc com\u00fa - Cartellera Focus\",\"isPartOf\":{\"@id\":\"https:\\\/\\\/cartellera.focus.cat\\\/es\\\/#website\"},\"datePublished\":\"2026-09-03T14:19:13+00:00\",\"breadcrumb\":{\"@id\":\"https:\\\/\\\/cartellera.focus.cat\\\/es\\\/ex\\\/un-lloc-comu\\\/#breadcrumb\"},\"inLanguage\":\"es\",\"potentialAction\":[{\"@type\":\"ReadAction\",\"target\":[\"https:\\\/\\\/cartellera.focus.cat\\\/es\\\/ex\\\/un-lloc-comu\\\/\"]}]},{\"@type\":\"BreadcrumbList\",\"@id\":\"https:\\\/\\\/cartellera.focus.cat\\\/es\\\/ex\\\/un-lloc-comu\\\/#breadcrumb\",\"itemListElement\":[{\"@type\":\"ListItem\",\"position\":1,\"name\":\"Home\",\"item\":\"https:\\\/\\\/cartellera.focus.cat\\\/es\\\/\"},{\"@type\":\"ListItem\",\"position\":2,\"name\":\"Espectacles\",\"item\":\"https:\\\/\\\/cartellera.focus.cat\\\/es\\\/ex\\\/\"},{\"@type\":\"ListItem\",\"position\":3,\"name\":\"Un lloc com\u00fa\"}]},{\"@type\":\"WebSite\",\"@id\":\"https:\\\/\\\/cartellera.focus.cat\\\/es\\\/#website\",\"url\":\"https:\\\/\\\/cartellera.focus.cat\\\/es\\\/\",\"name\":\"Cartellera Focus\",\"description\":\"Troba el teu espectacle als teatres de Focus\",\"publisher\":{\"@id\":\"https:\\\/\\\/cartellera.focus.cat\\\/es\\\/#organization\"},\"potentialAction\":[{\"@type\":\"SearchAction\",\"target\":{\"@type\":\"EntryPoint\",\"urlTemplate\":\"https:\\\/\\\/cartellera.focus.cat\\\/es\\\/?s={search_term_string}\"},\"query-input\":{\"@type\":\"PropertyValueSpecification\",\"valueRequired\":true,\"valueName\":\"search_term_string\"}}],\"inLanguage\":\"es\"},{\"@type\":\"Organization\",\"@id\":\"https:\\\/\\\/cartellera.focus.cat\\\/es\\\/#organization\",\"name\":\"Cartellera Focus\",\"url\":\"https:\\\/\\\/cartellera.focus.cat\\\/es\\\/\",\"logo\":{\"@type\":\"ImageObject\",\"inLanguage\":\"es\",\"@id\":\"https:\\\/\\\/cartellera.focus.cat\\\/es\\\/#\\\/schema\\\/logo\\\/image\\\/\",\"url\":\"https:\\\/\\\/cartellera.focus.cat\\\/wp-content\\\/uploads\\\/sites\\\/6\\\/2023\\\/01\\\/logo-focus.svg\",\"contentUrl\":\"https:\\\/\\\/cartellera.focus.cat\\\/wp-content\\\/uploads\\\/sites\\\/6\\\/2023\\\/01\\\/logo-focus.svg\",\"width\":1,\"height\":1,\"caption\":\"Cartellera Focus\"},\"image\":{\"@id\":\"https:\\\/\\\/cartellera.focus.cat\\\/es\\\/#\\\/schema\\\/logo\\\/image\\\/\"},\"sameAs\":[\"https:\\\/\\\/www.instagram.com\\\/grupfocus_\",\"https:\\\/\\\/www.youtube.com\\\/channel\\\/UCHo1UBGWueryu2P-vn8CRXw\",\"https:\\\/\\\/www.linkedin.com\\\/company\\\/grup-focus\\\/\"]}]}<\/script>\n<!-- \/ Yoast SEO plugin. -->","yoast_head_json":{"title":"Un lloc com\u00fa - Cartellera Focus","robots":{"index":"index","follow":"follow","max-snippet":"max-snippet:-1","max-image-preview":"max-image-preview:large","max-video-preview":"max-video-preview:-1"},"canonical":"https:\/\/cartellera.focus.cat\/es\/ex\/un-lloc-comu\/","og_locale":"es_ES","og_type":"article","og_title":"Un lloc com\u00fa - Cartellera Focus","og_url":"https:\/\/cartellera.focus.cat\/es\/ex\/un-lloc-comu\/","og_site_name":"Cartellera Focus","twitter_card":"summary_large_image","schema":{"@context":"https:\/\/schema.org","@graph":[{"@type":"WebPage","@id":"https:\/\/cartellera.focus.cat\/es\/ex\/un-lloc-comu\/","url":"https:\/\/cartellera.focus.cat\/es\/ex\/un-lloc-comu\/","name":"Un lloc com\u00fa - Cartellera Focus","isPartOf":{"@id":"https:\/\/cartellera.focus.cat\/es\/#website"},"datePublished":"2026-09-03T14:19:13+00:00","breadcrumb":{"@id":"https:\/\/cartellera.focus.cat\/es\/ex\/un-lloc-comu\/#breadcrumb"},"inLanguage":"es","potentialAction":[{"@type":"ReadAction","target":["https:\/\/cartellera.focus.cat\/es\/ex\/un-lloc-comu\/"]}]},{"@type":"BreadcrumbList","@id":"https:\/\/cartellera.focus.cat\/es\/ex\/un-lloc-comu\/#breadcrumb","itemListElement":[{"@type":"ListItem","position":1,"name":"Home","item":"https:\/\/cartellera.focus.cat\/es\/"},{"@type":"ListItem","position":2,"name":"Espectacles","item":"https:\/\/cartellera.focus.cat\/es\/ex\/"},{"@type":"ListItem","position":3,"name":"Un lloc com\u00fa"}]},{"@type":"WebSite","@id":"https:\/\/cartellera.focus.cat\/es\/#website","url":"https:\/\/cartellera.focus.cat\/es\/","name":"Cartellera Focus","description":"Troba el teu espectacle als teatres de Focus","publisher":{"@id":"https:\/\/cartellera.focus.cat\/es\/#organization"},"potentialAction":[{"@type":"SearchAction","target":{"@type":"EntryPoint","urlTemplate":"https:\/\/cartellera.focus.cat\/es\/?s={search_term_string}"},"query-input":{"@type":"PropertyValueSpecification","valueRequired":true,"valueName":"search_term_string"}}],"inLanguage":"es"},{"@type":"Organization","@id":"https:\/\/cartellera.focus.cat\/es\/#organization","name":"Cartellera Focus","url":"https:\/\/cartellera.focus.cat\/es\/","logo":{"@type":"ImageObject","inLanguage":"es","@id":"https:\/\/cartellera.focus.cat\/es\/#\/schema\/logo\/image\/","url":"https:\/\/cartellera.focus.cat\/wp-content\/uploads\/sites\/6\/2023\/01\/logo-focus.svg","contentUrl":"https:\/\/cartellera.focus.cat\/wp-content\/uploads\/sites\/6\/2023\/01\/logo-focus.svg","width":1,"height":1,"caption":"Cartellera Focus"},"image":{"@id":"https:\/\/cartellera.focus.cat\/es\/#\/schema\/logo\/image\/"},"sameAs":["https:\/\/www.instagram.com\/grupfocus_","https:\/\/www.youtube.com\/channel\/UCHo1UBGWueryu2P-vn8CRXw","https:\/\/www.linkedin.com\/company\/grup-focus\/"]}]}},"translations":[{"id":13846,"locale":"ca"},{"id":13857,"locale":"es"}],"_links":{"self":[{"href":"https:\/\/cartellera.focus.cat\/es\/wp-json\/wp\/v2\/ex\/13857","targetHints":{"allow":["GET"]}}],"collection":[{"href":"https:\/\/cartellera.focus.cat\/es\/wp-json\/wp\/v2\/ex"}],"about":[{"href":"https:\/\/cartellera.focus.cat\/es\/wp-json\/wp\/v2\/types\/ex"}],"author":[{"embeddable":true,"href":"https:\/\/cartellera.focus.cat\/es\/wp-json\/wp\/v2\/users\/2"}],"replies":[{"embeddable":true,"href":"https:\/\/cartellera.focus.cat\/es\/wp-json\/wp\/v2\/comments?post=13857"}],"wp:attachment":[{"href":"https:\/\/cartellera.focus.cat\/es\/wp-json\/wp\/v2\/media?parent=13857"}],"curies":[{"name":"wp","href":"https:\/\/api.w.org\/{rel}","templated":true}]}}

Un lloc comú

<p><strong>¿Qué somos capaces de sacrificar y justificar en nombre del éxito?</strong> </p><p>Un reconocido escritor ha muerto. Y, en cumplimiento de sus últimas voluntades, cinco mujeres que lo acompañaron a lo largo de su vida se reúnen en una cena previa a su entierro. </p><p>Juntas descubrirán que todas ellas fueron víctimas de un engaño. Que gestaron gran parte del éxito de quien un día fue su compañero. Y lo hicieron con su trabajo y con su talento. Pero eso nunca fue reconocido ni mencionado por nadie a lo largo de su vida. Mucho menos por su propio compañero. </p><p>Este descubrimiento provocará un cambio de perspectiva y abrirá un profundo debate entre ellas sobre cómo gestionar, a partir de ese momento, aquellas últimas voluntades. Tanto las del hombre que ha muerto como las de quienes continuarán viviendo. </p><p>Una realidad que trastoca este último adiós. La despedida de un ser que fue amado. Al menos, hasta ese momento. </p>

Espectáculo en català

<p>Recomendado a partir de <strong>14 años</strong>  </p>

<p>Autoria: <strong>Joan Yago<br></strong>Dirección:  <strong>Joan Arqué</strong>  </p><p>  </p><p>Intépretes: <strong>Rosa Gàmiz, Victòria Pagès, Sandra Monclús, Tamara Ndong, Laura Aubert</strong> </p><p>  </p><p>Escenografía:  <strong>Adrià Pinar</strong> <br>Vestuario: <strong> Nídia Tusal</strong> <br>Iluminación: <strong>Toni Ubach</strong> <br>Espacio sonoro: <strong>Erol Ileri, Marc Jódar</strong> </p><p> </p><p>  </p><p>Dirección de producción:  <strong>Òscar Balcells</strong> <br>Producción ejecutiva:  <strong>Judit Codina</strong> <br>Dirección técnica: <strong>Jordi Domènec</strong> </p><p>  </p><p> Ayudante de dirección: <strong>Anna Castells</strong> <br>Ayudante de producción: <strong>Pol Gil, Lluís Segura</strong> <br>Jefe técnico del teatro: <strong>Andrés Piza</strong>  </p><p>  </p><p>Márquetin y comunicación y diseño gráfico: <strong>La Villarroel</strong> <br>Administración: <strong>Mònica Cardús</strong>  </p><p>   </p><p> </p><p>Con el apoyo de: <strong>Institut Català de les Empreses Culturals</strong>  </p><p> </p><p>  </p><p>Distribución: <strong>Marta Riera</strong> (marta@teatreaurora.cat)  </p><p> </p><p>  </p><p>Es una coproducción del <strong>Teatre de l&#39;Aurora i La Villarroel </strong> </p><p>  </p>

UnLlocComú

Un lloc comú a La Villarroel de Barcelona

[{"localizer":"V4CARTELL","url":"media/ver/cartell/v4/2026/09/4193be4a-e5eb-4abb-b14c-feae42504d8b.jpg","thumb_url":"media/ver/cartell/v4/2026/09/c457358b-bea9-4082-9127-5cb32b25e8c4.jpg","title":"Un lloc comú a La Villarroel de Barcelona","description":"<p>Un&nbsp;lloc&nbsp;comú&nbsp;a&nbsp;La&nbsp;Villarroel&nbsp;de&nbsp;Barcelona</p>","copyright":"","order":0},{"localizer":"V4PORTADA","url":"media/ver/port/v4/2026/09/be01d012-c935-45b0-8e7e-b79e042ef191.jpg","thumb_url":"media/ver/port/v4/2026/09/8d348b80-b523-4f11-b860-0c3c432324f5.jpg","title":"Un lloc comú a La Villarroel de Barcelona","description":"<p>Un&nbsp;lloc&nbsp;comú&nbsp;a&nbsp;La&nbsp;Villarroel&nbsp;de&nbsp;Barcelona</p>","copyright":"","order":0},{"localizer":"V4PORTADAWIDE","url":"media/ver/port/wide/v4/2026/09/d4a770ea-06be-4ed4-901c-c141f7953d41.jpg","thumb_url":"media/ver/port/wide/v4/2026/09/1d3f9981-c9af-4a03-9bb3-e7716be859ad.jpg","title":"Un lloc comú a La Villarroel de Barcelona","description":"<p>Un&nbsp;lloc&nbsp;comú&nbsp;a&nbsp;La&nbsp;Villarroel&nbsp;de&nbsp;Barcelona</p>","copyright":"","order":0},{"localizer":"V4PORTADAWIDEMOBILE","url":"media/ver/port/wide/mobile/v4/2026/09/5bf188ea-e79d-4ce4-8002-75c68990191a.jpg","thumb_url":"media/ver/port/wide/mobile/v4/2026/09/c2647c90-e1a4-4cb7-8953-22f2dfaa47cf.jpg","title":"Un lloc comú a La Villarroel de Barcelona","description":"<p>Un&nbsp;lloc&nbsp;comú&nbsp;a&nbsp;La&nbsp;Villarroel&nbsp;de&nbsp;Barcelona</p>","copyright":"","order":0}]

<!-- This site is optimized with the Yoast SEO plugin v28.4 - https://yoast.com/product/yoast-seo-wordpress/ -->
<title>Un lloc comú - Cartellera Focus</title>
<meta name="robots" content="index, follow, max-snippet:-1, max-image-preview:large, max-video-preview:-1" />
<link rel="canonical" href="https://cartellera.focus.cat/es/ex/un-lloc-comu/" />
<meta property="og:locale" content="es_ES" />
<meta property="og:type" content="article" />
<meta property="og:title" content="Un lloc comú - Cartellera Focus" />
<meta property="og:url" content="https://cartellera.focus.cat/es/ex/un-lloc-comu/" />
<meta property="og:site_name" content="Cartellera Focus" />
<meta name="twitter:card" content="summary_large_image" />
<script type="application/ld+json" class="yoast-schema-graph">{"@context":"https:\/\/schema.org","@graph":[{"@type":"WebPage","@id":"https:\/\/cartellera.focus.cat\/es\/ex\/un-lloc-comu\/","url":"https:\/\/cartellera.focus.cat\/es\/ex\/un-lloc-comu\/","name":"Un lloc comú - Cartellera Focus","isPartOf":{"@id":"https:\/\/cartellera.focus.cat\/es\/#website"},"datePublished":"2026-09-03T14:19:13+00:00","breadcrumb":{"@id":"https:\/\/cartellera.focus.cat\/es\/ex\/un-lloc-comu\/#breadcrumb"},"inLanguage":"es","potentialAction":[{"@type":"ReadAction","target":["https:\/\/cartellera.focus.cat\/es\/ex\/un-lloc-comu\/"]}]},{"@type":"BreadcrumbList","@id":"https:\/\/cartellera.focus.cat\/es\/ex\/un-lloc-comu\/#breadcrumb","itemListElement":[{"@type":"ListItem","position":1,"name":"Home","item":"https:\/\/cartellera.focus.cat\/es\/"},{"@type":"ListItem","position":2,"name":"Espectacles","item":"https:\/\/cartellera.focus.cat\/es\/ex\/"},{"@type":"ListItem","position":3,"name":"Un lloc comú"}]},{"@type":"WebSite","@id":"https:\/\/cartellera.focus.cat\/es\/#website","url":"https:\/\/cartellera.focus.cat\/es\/","name":"Cartellera Focus","description":"Troba el teu espectacle als teatres de Focus","publisher":{"@id":"https:\/\/cartellera.focus.cat\/es\/#organization"},"potentialAction":[{"@type":"SearchAction","target":{"@type":"EntryPoint","urlTemplate":"https:\/\/cartellera.focus.cat\/es\/?s={search_term_string}"},"query-input":{"@type":"PropertyValueSpecification","valueRequired":true,"valueName":"search_term_string"}}],"inLanguage":"es"},{"@type":"Organization","@id":"https:\/\/cartellera.focus.cat\/es\/#organization","name":"Cartellera Focus","url":"https:\/\/cartellera.focus.cat\/es\/","logo":{"@type":"ImageObject","inLanguage":"es","@id":"https:\/\/cartellera.focus.cat\/es\/#\/schema\/logo\/image\/","url":"https:\/\/cartellera.focus.cat\/wp-content\/uploads\/sites\/6\/2023\/01\/logo-focus.svg","contentUrl":"https:\/\/cartellera.focus.cat\/wp-content\/uploads\/sites\/6\/2023\/01\/logo-focus.svg","width":1,"height":1,"caption":"Cartellera Focus"},"image":{"@id":"https:\/\/cartellera.focus.cat\/es\/#\/schema\/logo\/image\/"},"sameAs":["https:\/\/www.instagram.com\/grupfocus_","https:\/\/www.youtube.com\/channel\/UCHo1UBGWueryu2P-vn8CRXw","https:\/\/www.linkedin.com\/company\/grup-focus\/"]}]}</script>
<!-- / Yoast SEO plugin. -->

Un lloc comú - Cartellera Focus
