{"id":13864,"date":"2026-09-03T14:41:41","date_gmt":"2026-09-03T14:41:41","guid":{"rendered":"https:\/\/cartellera.focus.cat\/ex\/ricard-de-3r-2\/"},"modified":"2026-09-03T14:41:41","modified_gmt":"2026-09-03T14:41:41","slug":"ricard-de-3r-2","status":"publish","type":"ex","link":"https:\/\/cartellera.focus.cat\/es\/ex\/ricard-de-3r-2\/","title":{"rendered":"Ricard de 3r"},"content":{"rendered":"","protected":false},"excerpt":{"rendered":"","protected":false},"author":2,"featured_media":0,"comment_status":"closed","ping_status":"closed","template":"","class_list":["post-13864","ex","type-ex","status-publish","hentry"],"acf":{"txt_synopsis":"<p align=\"justify\">Esta es la historia de Ricard, un adolescente t\u00edmido e introspectivo que se pasa horas y horas encerrado en el garaje de su casa, alimentando la cotidianidad que \u00e9l percibe como excluyente, hostil y deprimente. Un d\u00eda, gracias a un hecho extraordinario que altera la monoton\u00eda, descubre la obra El Rey Ricardo III de William Shakespeare. Los paralelismos que encuentra de Gloucester con su propia vida le llevan a obsesionarse con el personaje, que se convierte en el ejemplo a seguir, utilizando como \u00e9l, la manipulaci\u00f3n y la violencia para intentar cambiar su triste destino.<br \/><br \/>En <em>Ricard de 3r<\/em> el espectador, convertido en voyeur privilegiado, observar\u00e1 con detalle la metamorfosis del adolescente, y no podr\u00e1 evitar preguntarse si la educaci\u00f3n y la sociedad tienen parte de responsabilidad en casos como este.<\/p>","main_buy_link":"","main_buy_links":"[\"\"]","group_buy_link":"","show_language":"Espect\u00e1culo en catal\u00e1n","show_duration":"75","show_start_date":"20261114000000","show_end_date":"20261114000000","show_sort_date":"20261114000000","txt_custom_show_dates":"","show_disciplines":"3","show_ultimes_funcions":false,"hide_tarifes_especials":false,"show_properament":false,"txt_additional_info":"<p>Recomendado a partir de <strong>14 a\u00f1os<\/strong> <\/p>","txt_present":"","show_season":false,"txt_season":"[\"2026\/27\"]","txt_cycle":"RBLS","txt_claim":"","txt_cast_excerpt":"","txt_cast":"<p>Autor\u00eda: <strong>Gerard Guix<\/strong> <br>Direcci\u00f3n: <strong>Montse Rodr\u00edguez y Clusella<\/strong> <\/p><p> <\/p><p>Int\u00e9rprete: <strong>Brandon Caritg<\/strong> <\/p><p> <\/p><p>Escenograf\u00eda: <strong>Anna Alcubierre<\/strong> <br>Iluminaci\u00f3n: <strong>Montse Rodr\u00edguez i Clusella<\/strong> <br>Espacio sonoro: <strong>Gerard Guix<\/strong> <\/p><p> <\/p><p>Producci\u00f3n ejecutiva y distribuci\u00f3n: <strong>Cristina Ferrer \/ Tot Produccions<\/strong> <\/p><p> <\/p><p>Ayudant\u00eda de direcci\u00f3n: <strong>Quim \u00c0vila<\/strong> <br>Ayudant\u00eda de escenograf\u00eda: <strong>Clea Granados Nikolaidou<\/strong> <br>Ayudant\u00eda de producci\u00f3n: <strong>Xavier Biel<\/strong> <br>Jefe t\u00e9cnico del teatro: <strong>Andr\u00e9s Piza<\/strong> <\/p><p> <\/p><p>Alumnos en pr\u00e1cticas: <strong>Abril Reches<\/strong> <\/p><p> <\/p><p>Prensa y comunicaci\u00f3n: <strong>Fernando Solla<\/strong> <br>Marketing y comunicaci\u00f3n del teatro: <strong>La Villarroel<\/strong> <br>Fotograf\u00edas y voz en off: <strong>\u00c0gata Casanovas<\/strong> <br>Dise\u00f1o imagen: <strong>Ricardo \u00c1vila<\/strong> <\/p><p> <\/p><p> <\/p><p>Agradecimientos: <strong>Quim Borrell, Albert Puigdueta, Antonio \u00c1vila, Carles Rodr\u00edguez, Juanjo Balsera, Marta Fair\u00e9n, Octavi Brull, Xavier Costas y Carlight<\/strong> <\/p><p> <\/p><p>Es una producci\u00f3n de <strong>la Associaci\u00f3 Imperfecta<\/strong> <\/p>","txt_reviews":"","hashtag":"RicardDe3er","have_promo":"","slogan":"","id_exhibicio":2427,"id_versio":954,"id_local":4,"txt_seo_desc":"Ricard de 3r a La Villarroel de Barcelona","data_images":"[{\"localizer\":\"V4CARTELL\",\"url\":\"media\/ver\/cartell\/v4\/2026\/09\/8e6fbd5f-a8f3-4ab2-9677-087901c961c2.jpg\",\"thumb_url\":\"media\/ver\/cartell\/v4\/2026\/09\/5f0a414f-350f-4cf9-91aa-66b43e2dc42c.jpg\",\"title\":\"Ricard de 3r a La Villarroel de Barcelona\",\"description\":\"<p>Ricard&nbsp;de&nbsp;3r&nbsp;a&nbsp;La&nbsp;Villarroel&nbsp;de&nbsp;Barcelona<\/p>\",\"copyright\":\"\",\"order\":0},{\"localizer\":\"V4PORTADA\",\"url\":\"media\/ver\/port\/v4\/2026\/09\/c139cfb2-46a4-4390-8495-ef2d83ab4ba6.jpg\",\"thumb_url\":\"media\/ver\/port\/v4\/2026\/09\/10aff891-9691-49a4-bd87-aab43c1b3015.jpg\",\"title\":\"Ricard de 3r a La Villarroel de Barcelona\",\"description\":\"<p>Ricard&nbsp;de&nbsp;3r&nbsp;a&nbsp;La&nbsp;Villarroel&nbsp;de&nbsp;Barcelona<\/p>\",\"copyright\":\"\",\"order\":0},{\"localizer\":\"V4PORTADAWIDE\",\"url\":\"media\/ver\/port\/wide\/v4\/2026\/09\/58b9471b-0c84-45fb-a3b6-52f87d78c8d3.jpg\",\"thumb_url\":\"media\/ver\/port\/wide\/v4\/2026\/09\/11f625bc-36c7-4ab2-a0f4-fead413f67b5.jpg\",\"title\":\"Ricard de 3r a La Villarroel de Barcelona\",\"description\":\"<p>Ricard&nbsp;de&nbsp;3r&nbsp;a&nbsp;La&nbsp;Villarroel&nbsp;de&nbsp;Barcelona<\/p>\",\"copyright\":\"\",\"order\":0},{\"localizer\":\"V4PORTADAWIDEMOBILE\",\"url\":\"media\/ver\/port\/wide\/mobile\/v4\/2026\/09\/1c5a73d5-9712-4902-9754-45798ca3a7f7.jpg\",\"thumb_url\":\"media\/ver\/port\/wide\/mobile\/v4\/2026\/09\/e27c4628-4687-4d2e-93bc-5e33f94558a5.jpg\",\"title\":\"Ricard de 3r a La Villarroel de Barcelona\",\"description\":\"<p>Ricard&nbsp;de&nbsp;3r&nbsp;a&nbsp;La&nbsp;Villarroel&nbsp;de&nbsp;Barcelona<\/p>\",\"copyright\":\"\",\"order\":0}]","material__texto_intro":"","data_material":null,"data_gallery":"","data_discounts":"[]","contract_is_open":false,"in_tour":false},"yoast_head":"<!-- This site is optimized with the Yoast SEO plugin v28.4 - https:\/\/yoast.com\/product\/yoast-seo-wordpress\/ -->\n<title>Ricard de 3r - Cartellera Focus<\/title>\n<meta name=\"robots\" content=\"index, follow, max-snippet:-1, max-image-preview:large, max-video-preview:-1\" \/>\n<link rel=\"canonical\" href=\"https:\/\/cartellera.focus.cat\/es\/ex\/ricard-de-3r-2\/\" \/>\n<meta property=\"og:locale\" content=\"es_ES\" \/>\n<meta property=\"og:type\" content=\"article\" \/>\n<meta property=\"og:title\" content=\"Ricard de 3r - Cartellera Focus\" \/>\n<meta property=\"og:url\" content=\"https:\/\/cartellera.focus.cat\/es\/ex\/ricard-de-3r-2\/\" \/>\n<meta property=\"og:site_name\" content=\"Cartellera Focus\" \/>\n<meta name=\"twitter:card\" content=\"summary_large_image\" \/>\n<script type=\"application\/ld+json\" class=\"yoast-schema-graph\">{\"@context\":\"https:\\\/\\\/schema.org\",\"@graph\":[{\"@type\":\"WebPage\",\"@id\":\"https:\\\/\\\/cartellera.focus.cat\\\/es\\\/ex\\\/ricard-de-3r-2\\\/\",\"url\":\"https:\\\/\\\/cartellera.focus.cat\\\/es\\\/ex\\\/ricard-de-3r-2\\\/\",\"name\":\"Ricard de 3r - Cartellera Focus\",\"isPartOf\":{\"@id\":\"https:\\\/\\\/cartellera.focus.cat\\\/es\\\/#website\"},\"datePublished\":\"2026-09-03T14:41:41+00:00\",\"breadcrumb\":{\"@id\":\"https:\\\/\\\/cartellera.focus.cat\\\/es\\\/ex\\\/ricard-de-3r-2\\\/#breadcrumb\"},\"inLanguage\":\"es\",\"potentialAction\":[{\"@type\":\"ReadAction\",\"target\":[\"https:\\\/\\\/cartellera.focus.cat\\\/es\\\/ex\\\/ricard-de-3r-2\\\/\"]}]},{\"@type\":\"BreadcrumbList\",\"@id\":\"https:\\\/\\\/cartellera.focus.cat\\\/es\\\/ex\\\/ricard-de-3r-2\\\/#breadcrumb\",\"itemListElement\":[{\"@type\":\"ListItem\",\"position\":1,\"name\":\"Home\",\"item\":\"https:\\\/\\\/cartellera.focus.cat\\\/es\\\/\"},{\"@type\":\"ListItem\",\"position\":2,\"name\":\"Espectacles\",\"item\":\"https:\\\/\\\/cartellera.focus.cat\\\/es\\\/ex\\\/\"},{\"@type\":\"ListItem\",\"position\":3,\"name\":\"Ricard de 3r\"}]},{\"@type\":\"WebSite\",\"@id\":\"https:\\\/\\\/cartellera.focus.cat\\\/es\\\/#website\",\"url\":\"https:\\\/\\\/cartellera.focus.cat\\\/es\\\/\",\"name\":\"Cartellera Focus\",\"description\":\"Troba el teu espectacle als teatres de Focus\",\"publisher\":{\"@id\":\"https:\\\/\\\/cartellera.focus.cat\\\/es\\\/#organization\"},\"potentialAction\":[{\"@type\":\"SearchAction\",\"target\":{\"@type\":\"EntryPoint\",\"urlTemplate\":\"https:\\\/\\\/cartellera.focus.cat\\\/es\\\/?s={search_term_string}\"},\"query-input\":{\"@type\":\"PropertyValueSpecification\",\"valueRequired\":true,\"valueName\":\"search_term_string\"}}],\"inLanguage\":\"es\"},{\"@type\":\"Organization\",\"@id\":\"https:\\\/\\\/cartellera.focus.cat\\\/es\\\/#organization\",\"name\":\"Cartellera Focus\",\"url\":\"https:\\\/\\\/cartellera.focus.cat\\\/es\\\/\",\"logo\":{\"@type\":\"ImageObject\",\"inLanguage\":\"es\",\"@id\":\"https:\\\/\\\/cartellera.focus.cat\\\/es\\\/#\\\/schema\\\/logo\\\/image\\\/\",\"url\":\"https:\\\/\\\/cartellera.focus.cat\\\/wp-content\\\/uploads\\\/sites\\\/6\\\/2023\\\/01\\\/logo-focus.svg\",\"contentUrl\":\"https:\\\/\\\/cartellera.focus.cat\\\/wp-content\\\/uploads\\\/sites\\\/6\\\/2023\\\/01\\\/logo-focus.svg\",\"width\":1,\"height\":1,\"caption\":\"Cartellera Focus\"},\"image\":{\"@id\":\"https:\\\/\\\/cartellera.focus.cat\\\/es\\\/#\\\/schema\\\/logo\\\/image\\\/\"},\"sameAs\":[\"https:\\\/\\\/www.instagram.com\\\/grupfocus_\",\"https:\\\/\\\/www.youtube.com\\\/channel\\\/UCHo1UBGWueryu2P-vn8CRXw\",\"https:\\\/\\\/www.linkedin.com\\\/company\\\/grup-focus\\\/\"]}]}<\/script>\n<!-- \/ Yoast SEO plugin. -->","yoast_head_json":{"title":"Ricard de 3r - Cartellera Focus","robots":{"index":"index","follow":"follow","max-snippet":"max-snippet:-1","max-image-preview":"max-image-preview:large","max-video-preview":"max-video-preview:-1"},"canonical":"https:\/\/cartellera.focus.cat\/es\/ex\/ricard-de-3r-2\/","og_locale":"es_ES","og_type":"article","og_title":"Ricard de 3r - Cartellera Focus","og_url":"https:\/\/cartellera.focus.cat\/es\/ex\/ricard-de-3r-2\/","og_site_name":"Cartellera Focus","twitter_card":"summary_large_image","schema":{"@context":"https:\/\/schema.org","@graph":[{"@type":"WebPage","@id":"https:\/\/cartellera.focus.cat\/es\/ex\/ricard-de-3r-2\/","url":"https:\/\/cartellera.focus.cat\/es\/ex\/ricard-de-3r-2\/","name":"Ricard de 3r - Cartellera Focus","isPartOf":{"@id":"https:\/\/cartellera.focus.cat\/es\/#website"},"datePublished":"2026-09-03T14:41:41+00:00","breadcrumb":{"@id":"https:\/\/cartellera.focus.cat\/es\/ex\/ricard-de-3r-2\/#breadcrumb"},"inLanguage":"es","potentialAction":[{"@type":"ReadAction","target":["https:\/\/cartellera.focus.cat\/es\/ex\/ricard-de-3r-2\/"]}]},{"@type":"BreadcrumbList","@id":"https:\/\/cartellera.focus.cat\/es\/ex\/ricard-de-3r-2\/#breadcrumb","itemListElement":[{"@type":"ListItem","position":1,"name":"Home","item":"https:\/\/cartellera.focus.cat\/es\/"},{"@type":"ListItem","position":2,"name":"Espectacles","item":"https:\/\/cartellera.focus.cat\/es\/ex\/"},{"@type":"ListItem","position":3,"name":"Ricard de 3r"}]},{"@type":"WebSite","@id":"https:\/\/cartellera.focus.cat\/es\/#website","url":"https:\/\/cartellera.focus.cat\/es\/","name":"Cartellera Focus","description":"Troba el teu espectacle als teatres de Focus","publisher":{"@id":"https:\/\/cartellera.focus.cat\/es\/#organization"},"potentialAction":[{"@type":"SearchAction","target":{"@type":"EntryPoint","urlTemplate":"https:\/\/cartellera.focus.cat\/es\/?s={search_term_string}"},"query-input":{"@type":"PropertyValueSpecification","valueRequired":true,"valueName":"search_term_string"}}],"inLanguage":"es"},{"@type":"Organization","@id":"https:\/\/cartellera.focus.cat\/es\/#organization","name":"Cartellera Focus","url":"https:\/\/cartellera.focus.cat\/es\/","logo":{"@type":"ImageObject","inLanguage":"es","@id":"https:\/\/cartellera.focus.cat\/es\/#\/schema\/logo\/image\/","url":"https:\/\/cartellera.focus.cat\/wp-content\/uploads\/sites\/6\/2023\/01\/logo-focus.svg","contentUrl":"https:\/\/cartellera.focus.cat\/wp-content\/uploads\/sites\/6\/2023\/01\/logo-focus.svg","width":1,"height":1,"caption":"Cartellera Focus"},"image":{"@id":"https:\/\/cartellera.focus.cat\/es\/#\/schema\/logo\/image\/"},"sameAs":["https:\/\/www.instagram.com\/grupfocus_","https:\/\/www.youtube.com\/channel\/UCHo1UBGWueryu2P-vn8CRXw","https:\/\/www.linkedin.com\/company\/grup-focus\/"]}]}},"translations":[{"id":13853,"locale":"ca"},{"id":13864,"locale":"es"}],"_links":{"self":[{"href":"https:\/\/cartellera.focus.cat\/es\/wp-json\/wp\/v2\/ex\/13864","targetHints":{"allow":["GET"]}}],"collection":[{"href":"https:\/\/cartellera.focus.cat\/es\/wp-json\/wp\/v2\/ex"}],"about":[{"href":"https:\/\/cartellera.focus.cat\/es\/wp-json\/wp\/v2\/types\/ex"}],"author":[{"embeddable":true,"href":"https:\/\/cartellera.focus.cat\/es\/wp-json\/wp\/v2\/users\/2"}],"replies":[{"embeddable":true,"href":"https:\/\/cartellera.focus.cat\/es\/wp-json\/wp\/v2\/comments?post=13864"}],"wp:attachment":[{"href":"https:\/\/cartellera.focus.cat\/es\/wp-json\/wp\/v2\/media?parent=13864"}],"curies":[{"name":"wp","href":"https:\/\/api.w.org\/{rel}","templated":true}]}}

<p align="justify">Esta es la historia de Ricard, un adolescente tímido e introspectivo que se pasa horas y horas encerrado en el garaje de su casa, alimentando la cotidianidad que él percibe como excluyente, hostil y deprimente. Un día, gracias a un hecho extraordinario que altera la monotonía, descubre la obra El Rey Ricardo III de William Shakespeare. Los paralelismos que encuentra de Gloucester con su propia vida le llevan a obsesionarse con el personaje, que se convierte en el ejemplo a seguir, utilizando como él, la manipulación y la violencia para intentar cambiar su triste destino.<br /><br />En <em>Ricard de 3r</em> el espectador, convertido en voyeur privilegiado, observará con detalle la metamorfosis del adolescente, y no podrá evitar preguntarse si la educación y la sociedad tienen parte de responsabilidad en casos como este.</p>

Espectáculo en catalán

<p>Recomendado a partir de <strong>14 años</strong> </p>

<p>Autoría: <strong>Gerard Guix</strong> <br>Dirección: <strong>Montse Rodríguez y Clusella</strong> </p><p> </p><p>Intérprete: <strong>Brandon Caritg</strong> </p><p> </p><p>Escenografía: <strong>Anna Alcubierre</strong> <br>Iluminación: <strong>Montse Rodríguez i Clusella</strong> <br>Espacio sonoro: <strong>Gerard Guix</strong> </p><p> </p><p>Producción ejecutiva y distribución: <strong>Cristina Ferrer / Tot Produccions</strong> </p><p> </p><p>Ayudantía de dirección: <strong>Quim Àvila</strong> <br>Ayudantía de escenografía: <strong>Clea Granados Nikolaidou</strong> <br>Ayudantía de producción: <strong>Xavier Biel</strong> <br>Jefe técnico del teatro: <strong>Andrés Piza</strong> </p><p> </p><p>Alumnos en prácticas: <strong>Abril Reches</strong> </p><p> </p><p>Prensa y comunicación: <strong>Fernando Solla</strong> <br>Marketing y comunicación del teatro: <strong>La Villarroel</strong> <br>Fotografías y voz en off: <strong>Àgata Casanovas</strong> <br>Diseño imagen: <strong>Ricardo Ávila</strong> </p><p> </p><p> </p><p>Agradecimientos: <strong>Quim Borrell, Albert Puigdueta, Antonio Ávila, Carles Rodríguez, Juanjo Balsera, Marta Fairén, Octavi Brull, Xavier Costas y Carlight</strong> </p><p> </p><p>Es una producción de <strong>la Associació Imperfecta</strong> </p>
